CRAN Package Check Results for Package plotlyGeoAssets

Last updated on 2022-10-06 21:50:01 CEST.

Flavor Version Tinstall Tcheck Ttotal Status Flags
r-devel-linux-x86_64-debian-clang 0.0.2 1.79 22.19 23.98 NOTE
r-devel-linux-x86_64-debian-gcc 0.0.2 1.16 17.24 18.40 NOTE
r-devel-linux-x86_64-fedora-clang 0.0.2 41.34 NOTE
r-devel-linux-x86_64-fedora-gcc 0.0.2 39.12 NOTE
r-devel-windows-x86_64 0.0.2 26.00 49.00 75.00 NOTE
r-patched-linux-x86_64 0.0.2 2.15 21.21 23.36 NOTE
r-release-linux-x86_64 0.0.2 1.59 20.63 22.22 NOTE
r-release-macos-arm64 0.0.2 17.00 NOTE
r-release-macos-x86_64 0.0.2 20.00 NOTE
r-release-windows-x86_64 0.0.2 31.00 51.00 82.00 NOTE
r-oldrel-macos-arm64 0.0.2 18.00 NOTE
r-oldrel-macos-x86_64 0.0.2 25.00 NOTE
r-oldrel-windows-ix86+x86_64 0.0.2 8.00 45.00 53.00 NOTE

Check Details

Version: 0.0.2
Check: LazyData
Result: NOTE
     'LazyData' is specified without a 'data' directory
Flavors: r-devel-linux-x86_64-debian-clang, r-devel-linux-x86_64-debian-gcc, r-devel-linux-x86_64-fedora-clang, r-devel-linux-x86_64-fedora-gcc, r-devel-windows-x86_64, r-patched-linux-x86_64, r-release-linux-x86_64, r-release-macos-arm64, r-release-macos-x86_64, r-release-windows-x86_64, r-oldrel-macos-arm64, r-oldrel-macos-x86_64, r-oldrel-windows-ix86+x86_64