CRAN Package Check Results for Package plothelper

Last updated on 2022-08-09 12:53:33 CEST.

Flavor Version Tinstall Tcheck Ttotal Status Flags
r-devel-linux-x86_64-debian-clang 0.1.9 9.14 80.84 89.98 NOTE
r-devel-linux-x86_64-debian-gcc 0.1.9 7.47 59.01 66.48 NOTE
r-devel-linux-x86_64-fedora-clang 0.1.9 118.05 NOTE
r-devel-linux-x86_64-fedora-gcc 0.1.9 110.87 NOTE
r-devel-windows-x86_64 0.1.9 53.00 105.00 158.00 NOTE
r-patched-linux-x86_64 0.1.9 9.72 73.28 83.00 NOTE
r-release-linux-x86_64 0.1.9 NOTE
r-release-macos-arm64 0.1.9 29.00 NOTE
r-release-macos-x86_64 0.1.9 58.00 NOTE
r-release-windows-x86_64 0.1.9 52.00 104.00 156.00 NOTE
r-oldrel-macos-arm64 0.1.9 39.00 NOTE
r-oldrel-macos-x86_64 0.1.9 59.00 NOTE
r-oldrel-windows-ix86+x86_64 0.1.9 21.00 94.00 115.00 NOTE

Check Details

Version: 0.1.9
Check: LazyData
Result: NOTE
     'LazyData' is specified without a 'data' directory
Flavors: r-devel-linux-x86_64-debian-clang, r-devel-linux-x86_64-debian-gcc, r-devel-linux-x86_64-fedora-clang, r-devel-linux-x86_64-fedora-gcc, r-devel-windows-x86_64, r-patched-linux-x86_64, r-release-linux-x86_64, r-release-macos-arm64, r-release-macos-x86_64, r-release-windows-x86_64, r-oldrel-macos-arm64, r-oldrel-macos-x86_64, r-oldrel-windows-ix86+x86_64