CRAN Package Check Results for Package plotdap

Last updated on 2020-09-21 07:56:10 CEST.

Flavor Version Tinstall Tcheck Ttotal Status Flags
r-devel-linux-x86_64-debian-clang 0.0.7 13.27 185.65 198.92 OK
r-devel-linux-x86_64-debian-gcc 0.0.7 12.43 144.06 156.49 OK
r-devel-linux-x86_64-fedora-clang 0.0.7 250.82 OK
r-devel-linux-x86_64-fedora-gcc 0.0.7 239.94 OK
r-devel-windows-ix86+x86_64 0.0.7 38.00 126.00 164.00 OK --no-vignettes
r-patched-linux-x86_64 0.0.7 13.09 178.87 191.96 OK
r-patched-solaris-x86 0.0.7 344.10 OK
r-release-linux-x86_64 0.0.7 15.43 180.66 196.09 OK
r-release-macos-x86_64 0.0.7 OK
r-release-windows-ix86+x86_64 0.0.7 34.00 104.00 138.00 OK --no-vignettes
r-oldrel-macos-x86_64 0.0.7 WARN
r-oldrel-windows-ix86+x86_64 0.0.7 20.00 145.00 165.00 OK --no-vignettes

Check Details

Version: 0.0.7
Check: re-building of vignette outputs
Result: WARN
    Error(s) in re-building vignettes:
     ...
    --- re-building ‘using_plotdap.Rmd’ using rmarkdown
    Warning in engine$weave(file, quiet = quiet, encoding = enc) :
     Pandoc (>= 1.12.3) and/or pandoc-citeproc not available. Falling back to R Markdown v1.
    Quitting from lines 138-146 (using_plotdap.Rmd)
    Error: processing vignette 'using_plotdap.Rmd' failed with diagnostics:
    Failed to open file /Users/urbanek/Library/Caches/R/rerddap/d3691d4726dcf37b41ff22352dc3ac7e.nc.
    --- failed re-building ‘using_plotdap.Rmd’
    
    SUMMARY: processing the following file failed:
     ‘using_plotdap.Rmd’
    
    Error: Vignette re-building failed.
    Execution halted
Flavor: r-oldrel-macos-x86_64