CRAN Package Check Results for Package plotGMM

Last updated on 2020-05-29 07:54:04 CEST.

Flavor Version Tinstall Tcheck Ttotal Status Flags
r-devel-linux-x86_64-debian-clang 0.2.1 2.18 37.79 39.97 OK
r-devel-linux-x86_64-debian-gcc 0.2.1 1.59 28.51 30.10 OK
r-devel-linux-x86_64-fedora-clang 0.2.1 47.22 NOTE
r-devel-linux-x86_64-fedora-gcc 0.2.1 46.75 NOTE
r-devel-windows-ix86+x86_64 0.2.1 8.00 54.00 62.00 OK
r-patched-linux-x86_64 0.2.1 2.13 36.15 38.28 OK
r-patched-solaris-x86 0.2.1 71.70 NOTE
r-release-linux-x86_64 0.2.1 2.20 36.91 39.11 OK
r-release-osx-x86_64 0.2.1 NOTE
r-release-windows-ix86+x86_64 0.2.1 8.00 72.00 80.00 OK
r-oldrel-osx-x86_64 0.2.1 NOTE
r-oldrel-windows-ix86+x86_64 0.2.1 5.00 51.00 56.00 OK

Check Details

Version: 0.2.1
Check: dependencies in R code
Result: NOTE
    Namespace in Imports field not imported from: ‘graphics’
     All declared Imports should be used.
Flavors: r-devel-linux-x86_64-fedora-clang, r-devel-linux-x86_64-fedora-gcc, r-patched-solaris-x86, r-release-osx-x86_64, r-oldrel-osx-x86_64