CRAN Package Check Results for Package plac

Last updated on 2022-09-29 00:52:56 CEST.

Flavor Version Tinstall Tcheck Ttotal Status Flags
r-devel-linux-x86_64-debian-clang 0.1.1 122.65 79.63 202.28 NOTE
r-devel-linux-x86_64-debian-gcc 0.1.1 94.71 65.21 159.92 NOTE
r-devel-linux-x86_64-fedora-clang 0.1.1 251.03 NOTE
r-devel-linux-x86_64-fedora-gcc 0.1.1 262.67 NOTE
r-devel-windows-x86_64 0.1.1 74.00 122.00 196.00 NOTE
r-patched-linux-x86_64 0.1.1 98.67 82.04 180.71 NOTE
r-release-linux-x86_64 0.1.1 99.75 81.95 181.70 NOTE
r-release-macos-arm64 0.1.1 72.00 NOTE
r-release-macos-x86_64 0.1.1 101.00 NOTE
r-release-windows-x86_64 0.1.1 73.00 123.00 196.00 NOTE
r-oldrel-macos-arm64 0.1.1 75.00 NOTE
r-oldrel-macos-x86_64 0.1.1 110.00 NOTE
r-oldrel-windows-ix86+x86_64 0.1.1 223.00 146.00 369.00 NOTE

Check Details

Version: 0.1.1
Check: LazyData
Result: NOTE
     'LazyData' is specified without a 'data' directory
Flavors: r-devel-linux-x86_64-debian-clang, r-devel-linux-x86_64-debian-gcc, r-devel-linux-x86_64-fedora-clang, r-devel-linux-x86_64-fedora-gcc, r-devel-windows-x86_64, r-patched-linux-x86_64, r-release-linux-x86_64, r-release-macos-arm64, r-release-macos-x86_64, r-release-windows-x86_64, r-oldrel-macos-arm64, r-oldrel-macos-x86_64, r-oldrel-windows-ix86+x86_64

Version: 0.1.1
Check: compiled code
Result: NOTE
    File ‘plac/libs/plac.so’:
     Found no calls to: ‘R_registerRoutines’, ‘R_useDynamicSymbols’
    
    It is good practice to register native routines and to disable symbol
    search.
    
    See ‘Writing portable packages’ in the ‘Writing R Extensions’ manual.
Flavors: r-devel-linux-x86_64-fedora-clang, r-devel-linux-x86_64-fedora-gcc

Version: 0.1.1
Check: installed package size
Result: NOTE
     installed size is 25.4Mb
     sub-directories of 1Mb or more:
     libs 25.3Mb
Flavors: r-release-macos-arm64, r-release-macos-x86_64, r-oldrel-macos-arm64, r-oldrel-macos-x86_64