CRAN Package Check Results for Package pkgverse

Last updated on 2022-11-27 06:53:04 CET.

Flavor Version Tinstall Tcheck Ttotal Status Flags
r-devel-linux-x86_64-debian-clang 0.0.1 2.39 23.63 26.02 NOTE
r-devel-linux-x86_64-debian-gcc 0.0.1 1.96 18.27 20.23 NOTE
r-devel-linux-x86_64-fedora-clang 0.0.1 43.20 NOTE
r-devel-linux-x86_64-fedora-gcc 0.0.1 41.57 NOTE
r-devel-windows-x86_64 0.0.1 6.00 51.00 57.00 NOTE
r-patched-linux-x86_64 0.0.1 2.13 22.36 24.49 NOTE
r-release-linux-x86_64 0.0.1 2.14 22.81 24.95 NOTE
r-release-macos-arm64 0.0.1 15.00 NOTE
r-release-macos-x86_64 0.0.1 24.00 NOTE
r-release-windows-x86_64 0.0.1 9.00 54.00 63.00 NOTE
r-oldrel-macos-arm64 0.0.1 19.00 NOTE
r-oldrel-macos-x86_64 0.0.1 21.00 NOTE
r-oldrel-windows-ix86+x86_64 0.0.1 8.00 47.00 55.00 NOTE

Check Details

Version: 0.0.1
Check: LazyData
Result: NOTE
     'LazyData' is specified without a 'data' directory
Flavors: r-devel-linux-x86_64-debian-clang, r-devel-linux-x86_64-debian-gcc, r-devel-linux-x86_64-fedora-clang, r-devel-linux-x86_64-fedora-gcc, r-devel-windows-x86_64, r-patched-linux-x86_64, r-release-linux-x86_64, r-release-macos-arm64, r-release-macos-x86_64, r-release-windows-x86_64, r-oldrel-macos-arm64, r-oldrel-macos-x86_64, r-oldrel-windows-ix86+x86_64