CRAN Package Check Results for Package pkgnews

Last updated on 2022-10-03 21:53:45 CEST.

Flavor Version Tinstall Tcheck Ttotal Status Flags
r-devel-linux-x86_64-debian-clang 0.0.2 1.50 22.88 24.38 NOTE
r-devel-linux-x86_64-debian-gcc 0.0.2 1.57 17.66 19.23 NOTE
r-devel-linux-x86_64-fedora-clang 0.0.2 42.69 NOTE
r-devel-linux-x86_64-fedora-gcc 0.0.2 40.41 NOTE
r-devel-windows-x86_64 0.0.2 9.00 49.00 58.00 NOTE
r-patched-linux-x86_64 0.0.2 1.50 22.21 23.71 NOTE
r-release-linux-x86_64 0.0.2 1.47 21.57 23.04 NOTE
r-release-macos-arm64 0.0.2 29.00 NOTE
r-release-macos-x86_64 0.0.2 21.00 NOTE
r-release-windows-x86_64 0.0.2 11.00 50.00 61.00 NOTE
r-oldrel-macos-arm64 0.0.2 25.00 NOTE
r-oldrel-macos-x86_64 0.0.2 33.00 NOTE
r-oldrel-windows-ix86+x86_64 0.0.2 5.00 45.00 50.00 NOTE

Check Details

Version: 0.0.2
Check: LazyData
Result: NOTE
     'LazyData' is specified without a 'data' directory
Flavors: r-devel-linux-x86_64-debian-clang, r-devel-linux-x86_64-debian-gcc, r-devel-linux-x86_64-fedora-clang, r-devel-linux-x86_64-fedora-gcc, r-devel-windows-x86_64, r-patched-linux-x86_64, r-release-linux-x86_64, r-release-macos-arm64, r-release-macos-x86_64, r-release-windows-x86_64, r-oldrel-macos-arm64, r-oldrel-macos-x86_64, r-oldrel-windows-ix86+x86_64