CRAN Package Check Results for Package pkgdepends

Last updated on 2022-10-05 12:56:58 CEST.

Flavor Version Tinstall Tcheck Ttotal Status Flags
r-devel-linux-x86_64-debian-clang 0.3.2 23.07 77.83 100.90 OK
r-devel-linux-x86_64-debian-gcc 0.3.2 15.75 58.63 74.38 OK
r-devel-linux-x86_64-fedora-clang 0.3.2 132.48 OK
r-devel-linux-x86_64-fedora-gcc 0.3.2 123.27 OK
r-devel-windows-x86_64 0.3.2 107.00 105.00 212.00 OK
r-patched-linux-x86_64 0.3.2 20.39 72.00 92.39 OK
r-release-linux-x86_64 0.3.2 19.58 73.10 92.68 OK
r-release-macos-arm64 0.3.2 33.00 OK
r-release-macos-x86_64 0.3.2 44.00 OK
r-release-windows-x86_64 0.3.2 155.00 95.00 250.00 OK
r-oldrel-macos-arm64 0.3.2 33.00 OK
r-oldrel-macos-x86_64 0.3.2 49.00 OK
r-oldrel-windows-ix86+x86_64 0.3.2 32.00 102.00 134.00 WARN

Check Details

Version: 0.3.2
Check: for unstated dependencies in ‘tests’
Result: WARN
    Warning: unable to access index for repository https://bioconductor.org/packages/3.14/bioc/src/contrib:
     cannot open URL 'https://bioconductor.org/packages/3.14/bioc/src/contrib/PACKAGES'
    Warning: unable to access index for repository https://bioconductor.org/packages/3.14/data/annotation/src/contrib:
     cannot open URL 'https://bioconductor.org/packages/3.14/data/annotation/src/contrib/PACKAGES'
    Warning: unable to access index for repository https://bioconductor.org/packages/3.14/data/experiment/src/contrib:
     cannot open URL 'https://bioconductor.org/packages/3.14/data/experiment/src/contrib/PACKAGES'
Flavor: r-oldrel-windows-ix86+x86_64