CRAN Package Check Results for Package piton

Last updated on 2022-10-06 01:49:55 CEST.

Flavor Version Tinstall Tcheck Ttotal Status Flags
r-devel-linux-x86_64-debian-clang 1.0.0 19.07 28.97 48.04 NOTE
r-devel-linux-x86_64-debian-gcc 1.0.0 15.53 22.91 38.44 NOTE
r-devel-linux-x86_64-fedora-clang 1.0.0 79.60 NOTE
r-devel-linux-x86_64-fedora-gcc 1.0.0 69.72 NOTE
r-devel-windows-x86_64 1.0.0 83.00 79.00 162.00 NOTE
r-patched-linux-x86_64 1.0.0 15.89 28.04 43.93 NOTE
r-release-linux-x86_64 1.0.0 17.60 27.71 45.31 NOTE
r-release-macos-arm64 1.0.0 21.00 NOTE
r-release-macos-x86_64 1.0.0 31.00 NOTE
r-release-windows-x86_64 1.0.0 93.00 79.00 172.00 NOTE
r-oldrel-macos-arm64 1.0.0 25.00 NOTE
r-oldrel-macos-x86_64 1.0.0 41.00 NOTE
r-oldrel-windows-ix86+x86_64 1.0.0 52.00 74.00 126.00 NOTE

Check Details

Version: 1.0.0
Check: LazyData
Result: NOTE
     'LazyData' is specified without a 'data' directory
Flavors: r-devel-linux-x86_64-debian-clang, r-devel-linux-x86_64-debian-gcc, r-devel-linux-x86_64-fedora-clang, r-devel-linux-x86_64-fedora-gcc, r-devel-windows-x86_64, r-patched-linux-x86_64, r-release-linux-x86_64, r-release-macos-arm64, r-release-macos-x86_64, r-release-windows-x86_64, r-oldrel-macos-arm64, r-oldrel-macos-x86_64, r-oldrel-windows-ix86+x86_64