CRAN Package Check Results for Package pipeliner

Last updated on 2022-09-26 06:51:19 CEST.

Flavor Version Tinstall Tcheck Ttotal Status Flags
r-devel-linux-x86_64-debian-clang 0.1.1 1.56 32.75 34.31 NOTE
r-devel-linux-x86_64-debian-gcc 0.1.1 1.76 25.39 27.15 NOTE
r-devel-linux-x86_64-fedora-clang 0.1.1 53.99 NOTE
r-devel-linux-x86_64-fedora-gcc 0.1.1 51.26 NOTE
r-devel-windows-x86_64 0.1.1 25.00 62.00 87.00 NOTE
r-patched-linux-x86_64 0.1.1 2.26 31.07 33.33 NOTE
r-release-linux-x86_64 0.1.1 2.05 30.18 32.23 NOTE
r-release-macos-arm64 0.1.1 20.00 NOTE
r-release-macos-x86_64 0.1.1 26.00 NOTE
r-release-windows-x86_64 0.1.1 29.00 63.00 92.00 NOTE
r-oldrel-macos-arm64 0.1.1 22.00 NOTE
r-oldrel-macos-x86_64 0.1.1 33.00 NOTE
r-oldrel-windows-ix86+x86_64 0.1.1 5.00 59.00 64.00 NOTE

Check Details

Version: 0.1.1
Check: LazyData
Result: NOTE
     'LazyData' is specified without a 'data' directory
Flavors: r-devel-linux-x86_64-debian-clang, r-devel-linux-x86_64-debian-gcc, r-devel-linux-x86_64-fedora-clang, r-devel-linux-x86_64-fedora-gcc, r-devel-windows-x86_64, r-patched-linux-x86_64, r-release-linux-x86_64, r-release-macos-arm64, r-release-macos-x86_64, r-release-windows-x86_64, r-oldrel-macos-arm64, r-oldrel-macos-x86_64, r-oldrel-windows-ix86+x86_64