CRAN Package Check Results for Package pins

Last updated on 2020-05-30 19:47:18 CEST.

Flavor Version Tinstall Tcheck Ttotal Status Flags
r-devel-linux-x86_64-debian-clang 0.4.0 5.54 77.15 82.69 OK
r-devel-linux-x86_64-debian-gcc 0.4.1 5.89 60.06 65.95 OK
r-devel-linux-x86_64-fedora-clang 0.4.1 67.07 NOTE
r-devel-linux-x86_64-fedora-gcc 0.4.1 104.00 NOTE
r-devel-windows-ix86+x86_64 0.4.1 20.00 122.00 142.00 OK
r-patched-linux-x86_64 0.4.1 7.26 76.30 83.56 OK
r-patched-solaris-x86 0.4.1 134.90 NOTE
r-release-linux-x86_64 0.4.1 7.74 78.57 86.31 OK
r-release-osx-x86_64 0.4.0 NOTE
r-release-windows-ix86+x86_64 0.4.0 13.00 269.00 282.00 OK
r-oldrel-osx-x86_64 0.4.1 NOTE
r-oldrel-windows-ix86+x86_64 0.4.0 11.00 98.00 109.00 OK

Check Details

Version: 0.4.1
Check: data for non-ASCII characters
Result: NOTE
     Note: found 36 marked UTF-8 strings
Flavors: r-devel-linux-x86_64-fedora-clang, r-devel-linux-x86_64-fedora-gcc, r-patched-solaris-x86, r-oldrel-osx-x86_64

Version: 0.4.0
Check: data for non-ASCII characters
Result: NOTE
     Note: found 36 marked UTF-8 strings
Flavor: r-release-osx-x86_64