CRAN Package Check Results for Package pinochet

Last updated on 2022-11-30 12:54:38 CET.

Flavor Version Tinstall Tcheck Ttotal Status Flags
r-devel-linux-x86_64-debian-clang 0.1.0 2.14 30.18 32.32 OK
r-devel-linux-x86_64-debian-gcc 0.1.0 1.75 23.34 25.09 OK
r-devel-linux-x86_64-fedora-clang 0.1.0 52.39 NOTE
r-devel-linux-x86_64-fedora-gcc 0.1.0 48.07 NOTE
r-devel-windows-x86_64 0.1.0 11.00 64.00 75.00 OK
r-patched-linux-x86_64 0.1.0 1.69 27.95 29.64 OK
r-release-linux-x86_64 0.1.0 2.03 29.66 31.69 OK
r-release-macos-arm64 0.1.0 18.00 NOTE
r-release-macos-x86_64 0.1.0 25.00 NOTE
r-release-windows-x86_64 0.1.0 11.00 63.00 74.00 OK
r-oldrel-macos-arm64 0.1.0 23.00 NOTE
r-oldrel-macos-x86_64 0.1.0 31.00 NOTE
r-oldrel-windows-ix86+x86_64 0.1.0 5.00 63.00 68.00 OK

Check Details

Version: 0.1.0
Check: data for non-ASCII characters
Result: NOTE
     Note: found 2048 marked UTF-8 strings
Flavors: r-devel-linux-x86_64-fedora-clang, r-devel-linux-x86_64-fedora-gcc, r-release-macos-arm64, r-release-macos-x86_64, r-oldrel-macos-arm64, r-oldrel-macos-x86_64