CRAN Package Check Results for Package pillar

Last updated on 2020-09-20 07:51:37 CEST.

Flavor Version Tinstall Tcheck Ttotal Status Flags
r-devel-linux-x86_64-debian-clang 1.4.6 5.24 37.65 42.89 OK
r-devel-linux-x86_64-debian-gcc 1.4.6 4.09 41.48 45.57 OK
r-devel-linux-x86_64-fedora-clang 1.4.6 80.14 OK
r-devel-linux-x86_64-fedora-gcc 1.4.6 68.41 OK
r-devel-windows-ix86+x86_64 1.4.6 10.00 55.00 65.00 OK
r-patched-linux-x86_64 1.4.6 4.62 52.98 57.60 OK
r-patched-solaris-x86 1.4.6 88.80 WARN
r-release-linux-x86_64 1.4.6 4.98 53.55 58.53 OK
r-release-macos-x86_64 1.4.6 OK
r-release-windows-ix86+x86_64 1.4.6 10.00 67.00 77.00 OK
r-oldrel-macos-x86_64 1.4.6 OK
r-oldrel-windows-ix86+x86_64 1.4.6 5.00 62.00 67.00 OK

Check Details

Version: 1.4.6
Check: for unstated dependencies in ‘tests’
Result: WARN
    Warning in deparse(e[[2L]]) :
     it is not known that wchar_t is Unicode on this platform
    Warning in deparse(e[[2L]]) :
     it is not known that wchar_t is Unicode on this platform
    Warning in deparse(e[[2L]]) :
     it is not known that wchar_t is Unicode on this platform
    Warning in deparse(e[[2L]]) :
     it is not known that wchar_t is Unicode on this platform
    Warning in deparse(e[[2L]]) :
     it is not known that wchar_t is Unicode on this platform
    Warning in deparse(e[[2L]]) :
     it is not known that wchar_t is Unicode on this platform
    Warning in deparse(e[[2L]]) :
     it is not known that wchar_t is Unicode on this platform
    Warning in deparse(e[[2L]]) :
     it is not known that wchar_t is Unicode on this platform
    Warning in deparse(e[[2L]]) :
     it is not known that wchar_t is Unicode on this platform
    Warning in deparse(e[[2L]]) :
     it is not known that wchar_t is Unicode on this platform
Flavor: r-patched-solaris-x86