CRAN Package Check Results for Package piecemaker

Last updated on 2022-09-28 06:54:14 CEST.

Flavor Version Tinstall Tcheck Ttotal Status Flags
r-devel-linux-x86_64-debian-clang 1.0.1 1.63 24.68 26.31 OK
r-devel-linux-x86_64-debian-gcc 1.0.1 1.72 19.56 21.28 OK
r-devel-linux-x86_64-fedora-clang 1.0.1 46.01 OK
r-devel-linux-x86_64-fedora-gcc 1.0.1 42.56 OK
r-devel-windows-x86_64 1.0.1 17.00 59.00 76.00 ERROR
r-patched-linux-x86_64 1.0.1 2.44 23.92 26.36 OK
r-release-linux-x86_64 1.0.1 2.14 23.70 25.84 OK
r-release-macos-arm64 1.0.1 15.00 OK
r-release-macos-x86_64 1.0.1 20.00 OK
r-release-windows-x86_64 1.0.1 25.00 50.00 75.00 OK
r-oldrel-macos-arm64 1.0.1 17.00 OK
r-oldrel-macos-x86_64 1.0.1 21.00 OK
r-oldrel-windows-ix86+x86_64 1.0.1 5.00 53.00 58.00 OK

Check Details

Version: 1.0.1
Check: tests
Result: ERROR
     Running 'testthat.R' [2s]
    Running the tests in 'tests/testthat.R' failed.
    Complete output:
     > library(testthat)
     > library(piecemaker)
     >
     > test_check("piecemaker")
     [ FAIL 1 | WARN 2 | SKIP 0 | PASS 23 ]
    
     ══ Failed tests ════════════════════════════════════════════════════════════════
     ── Error (test-clean.R:33:3): Can validate UTF8 ────────────────────────────────
     <encoding_error/rlang_error/error/condition>
     Error in `FUN(X[[i]], ...)`: Unsupported string type in <fa><b4><bf><bf><9f>
     Backtrace:
     ▆
     1. ├─testthat::expect_error(...) at test-clean.R:33:2
     2. │ └─testthat:::expect_condition_matching(...)
     3. │ └─testthat:::quasi_capture(...)
     4. │ ├─testthat (local) .capture(...)
     5. │ │ └─base::withCallingHandlers(...)
     6. │ └─rlang::eval_bare(quo_get_expr(.quo), quo_get_env(.quo))
     7. └─piecemaker::validate_utf8(bad_character)
     8. └─base::vapply(...)
     9. └─piecemaker (local) FUN(X[[i]], ...)
     10. └─rlang::abort(message = error_message, class = "encoding_error")
    
     [ FAIL 1 | WARN 2 | SKIP 0 | PASS 23 ]
     Error: Test failures
     Execution halted
Flavor: r-devel-windows-x86_64