CRAN Package Check Results for Package picasso

Last updated on 2020-10-29 13:48:52 CET.

Flavor Version Tinstall Tcheck Ttotal Status Flags
r-devel-linux-x86_64-debian-clang 1.3.1 19.99 72.99 92.98 OK
r-devel-linux-x86_64-debian-gcc 1.3.1 16.63 57.20 73.83 OK
r-devel-linux-x86_64-fedora-clang 1.3.1 122.21 NOTE
r-devel-linux-x86_64-fedora-gcc 1.3.1 110.70 OK
r-devel-windows-ix86+x86_64 1.3.1 39.00 105.00 144.00 OK
r-patched-linux-x86_64 1.3.1 18.92 69.71 88.63 OK
r-patched-solaris-x86 1.3.1 168.90 OK
r-release-linux-x86_64 1.3.1 17.39 68.86 86.25 OK
r-release-macos-x86_64 1.3.1 NOTE
r-release-windows-ix86+x86_64 1.3.1 34.00 130.00 164.00 OK
r-oldrel-macos-x86_64 1.3.1 NOTE
r-oldrel-windows-ix86+x86_64 1.3.1 37.00 122.00 159.00 OK

Check Details

Version: 1.3.1
Check: installed package size
Result: NOTE
     installed size is 5.6Mb
     sub-directories of 1Mb or more:
     libs 4.5Mb
Flavors: r-devel-linux-x86_64-fedora-clang, r-release-macos-x86_64, r-oldrel-macos-x86_64