CRAN Package Check Results for Package phylosignal

Last updated on 2022-09-27 00:51:10 CEST.

Flavor Version Tinstall Tcheck Ttotal Status Flags
r-devel-linux-x86_64-debian-clang 1.3 59.86 334.83 394.69 OK
r-devel-linux-x86_64-debian-gcc 1.3 42.43 242.35 284.78 OK
r-devel-linux-x86_64-fedora-clang 1.3 482.06 OK
r-devel-linux-x86_64-fedora-gcc 1.3 458.00 OK
r-devel-windows-x86_64 1.3 65.00 369.00 434.00 OK
r-patched-linux-x86_64 1.3 50.66 310.80 361.46 OK
r-release-linux-x86_64 1.3 40.83 309.99 350.82 OK
r-release-macos-arm64 1.3 115.00 OK
r-release-macos-x86_64 1.3 198.00 OK
r-release-windows-x86_64 1.3 93.00 335.00 428.00 OK
r-oldrel-macos-arm64 1.3 154.00 NOTE
r-oldrel-macos-x86_64 1.3 276.00 OK
r-oldrel-windows-ix86+x86_64 1.3 121.00 432.00 553.00 OK

Check Details

Version: 1.3
Check: installed package size
Result: NOTE
     installed size is 5.3Mb
     sub-directories of 1Mb or more:
     help 1.6Mb
     libs 2.5Mb
Flavor: r-oldrel-macos-arm64