CRAN Package Check Results for Package phyloseqGraphTest

Last updated on 2022-08-11 12:55:38 CEST.

Flavor Version Tinstall Tcheck Ttotal Status Flags
r-devel-linux-x86_64-debian-clang 0.1.0 31.53 282.45 313.98 NOTE
r-devel-linux-x86_64-debian-gcc 0.1.0 24.72 210.44 235.16 NOTE
r-devel-linux-x86_64-fedora-clang 0.1.0 379.10 NOTE
r-devel-linux-x86_64-fedora-gcc 0.1.0 375.78 NOTE
r-devel-windows-x86_64 0.1.0 52.00 267.00 319.00 NOTE
r-patched-linux-x86_64 0.1.0 24.68 270.58 295.26 NOTE
r-release-linux-x86_64 0.1.0 NOTE
r-release-macos-arm64 0.1.0 88.00 NOTE
r-release-macos-x86_64 0.1.0 174.00 NOTE
r-release-windows-x86_64 0.1.0 61.00 277.00 338.00 NOTE
r-oldrel-macos-arm64 0.1.0 126.00 NOTE
r-oldrel-macos-x86_64 0.1.0 169.00 NOTE
r-oldrel-windows-ix86+x86_64 0.1.0 63.00 276.00 339.00 NOTE

Check Details

Version: 0.1.0
Check: LazyData
Result: NOTE
     'LazyData' is specified without a 'data' directory
Flavors: r-devel-linux-x86_64-debian-clang, r-devel-linux-x86_64-debian-gcc, r-devel-linux-x86_64-fedora-clang, r-devel-linux-x86_64-fedora-gcc, r-devel-windows-x86_64, r-patched-linux-x86_64, r-release-linux-x86_64, r-release-macos-arm64, r-release-macos-x86_64, r-release-windows-x86_64, r-oldrel-macos-arm64, r-oldrel-macos-x86_64, r-oldrel-windows-ix86+x86_64

Version: 0.1.0
Check: dependencies in R code
Result: NOTE
    Namespace in Imports field not imported from: ‘intergraph’
     All declared Imports should be used.
Flavors: r-devel-linux-x86_64-fedora-clang, r-devel-linux-x86_64-fedora-gcc, r-release-macos-arm64, r-release-macos-x86_64, r-oldrel-macos-arm64, r-oldrel-macos-x86_64