Last updated on 2023-12-08 12:52:26 CET.
Flavor | Version | Tinstall | Tcheck | Ttotal | Status | Flags |
---|---|---|---|---|---|---|
r-devel-linux-x86_64-debian-clang | 1.0.8 | 41.18 | 421.59 | 462.77 | NOTE | |
r-devel-linux-x86_64-debian-gcc | 1.0.8 | 31.24 | 307.53 | 338.77 | NOTE | |
r-devel-linux-x86_64-fedora-clang | 1.0.8 | 561.13 | NOTE | |||
r-devel-linux-x86_64-fedora-gcc | 1.0.8 | 550.01 | OK | |||
r-devel-windows-x86_64 | 1.0.8 | 32.00 | 273.00 | 305.00 | OK | |
r-patched-linux-x86_64 | 1.0.8 | 46.25 | 404.87 | 451.12 | OK | |
r-release-linux-x86_64 | 1.0.8 | 39.56 | 397.21 | 436.77 | OK | |
r-release-macos-arm64 | 1.0.8 | 135.00 | NOTE | |||
r-release-macos-x86_64 | 1.0.8 | 246.00 | NOTE | |||
r-release-windows-x86_64 | 1.0.8 | 42.00 | 366.00 | 408.00 | OK | |
r-oldrel-macos-arm64 | 1.0.8 | 119.00 | OK | |||
r-oldrel-macos-x86_64 | 1.0.8 | 187.00 | OK | |||
r-oldrel-windows-x86_64 | 1.0.8 | 44.00 | 363.00 | 407.00 | OK |
Version: 1.0.8
Check: Rd files
Result: NOTE
checkRd: (-1) fitgom.Rd:87: Lost braces
87 | \item \code{theta} The ncol{counts} by K matrix of estimated
| ^
checkRd: (-1) fitgom.Rd:89: Lost braces
89 | \item \code{omega} The nrow{counts} by K matrix of estimated
| ^
Flavors: r-devel-linux-x86_64-debian-clang, r-devel-linux-x86_64-debian-gcc
Version: 1.0.8
Check: Rd cross-references
Result: NOTE
Undeclared package ‘picante’ in Rd xrefs
Flavor: r-devel-linux-x86_64-fedora-clang
Version: 1.0.8
Check: package dependencies
Result: NOTE
Package suggested but not available for checking: ‘phyloseq’
Flavors: r-release-macos-arm64, r-release-macos-x86_64