CRAN Package Check Results for Package phrases

Last updated on 2024-05-26 00:56:26 CEST.

Flavor Version Tinstall Tcheck Ttotal Status Flags
r-devel-linux-x86_64-debian-clang 0.1 2.13 19.46 21.59 OK
r-devel-linux-x86_64-debian-gcc 0.1 1.92 15.53 17.45 OK
r-devel-linux-x86_64-fedora-clang 0.1 28.29 NOTE
r-devel-linux-x86_64-fedora-gcc 0.1 26.78 NOTE
r-devel-windows-x86_64 0.1 4.00 37.00 41.00 OK
r-patched-linux-x86_64 0.1 1.59 19.54 21.13 OK
r-release-linux-x86_64 0.1 1.50 19.27 20.77 OK
r-release-macos-arm64 0.1 14.00 OK
r-release-windows-x86_64 0.1 4.00 38.00 42.00 OK
r-oldrel-macos-arm64 0.1 16.00 OK
r-oldrel-macos-x86_64 0.1 21.00 OK
r-oldrel-windows-x86_64 0.1 5.00 38.00 43.00 OK

Check Details

Version: 0.1
Check: dependencies in R code
Result: NOTE Namespaces in Imports field not imported from: ‘tidyverse’ ‘usethis’ All declared Imports should be used. Flavors: r-devel-linux-x86_64-fedora-clang, r-devel-linux-x86_64-fedora-gcc