Last updated on 2023-02-04 00:51:01 CET.
Flavor | Version | Tinstall | Tcheck | Ttotal | Status | Flags |
---|---|---|---|---|---|---|
r-devel-linux-x86_64-debian-clang | 2.1.1 | 10.51 | 304.50 | 315.01 | OK | |
r-devel-linux-x86_64-debian-gcc | 2.1.1 | 8.57 | 217.16 | 225.73 | OK | |
r-devel-linux-x86_64-fedora-clang | 2.1.1 | 371.65 | NOTE | |||
r-devel-linux-x86_64-fedora-gcc | 2.1.1 | 383.58 | NOTE | |||
r-devel-windows-x86_64 | 2.1.1 | 85.00 | 362.00 | 447.00 | NOTE | |
r-patched-linux-x86_64 | 2.1.1 | 10.07 | 273.38 | 283.45 | OK | |
r-release-linux-x86_64 | 2.1.1 | 8.31 | 259.23 | 267.54 | OK | |
r-release-macos-arm64 | 2.1.1 | 103.00 | NOTE | |||
r-release-macos-x86_64 | 2.1.1 | 133.00 | NOTE | |||
r-release-windows-x86_64 | 2.1.1 | 111.00 | 360.00 | 471.00 | NOTE | |
r-oldrel-macos-arm64 | 2.1.1 | 94.00 | NOTE | |||
r-oldrel-macos-x86_64 | 2.1.1 | 135.00 | NOTE | |||
r-oldrel-windows-ix86+x86_64 | 2.1.1 | 24.00 | 340.00 | 364.00 | NOTE |
Version: 2.1.1
Check: installed package size
Result: NOTE
installed size is 7.1Mb
sub-directories of 1Mb or more:
doc 6.1Mb
Flavors: r-devel-linux-x86_64-fedora-clang, r-devel-windows-x86_64, r-release-macos-arm64, r-release-macos-x86_64, r-release-windows-x86_64, r-oldrel-macos-arm64, r-oldrel-macos-x86_64, r-oldrel-windows-ix86+x86_64
Version: 2.1.1
Check: data for non-ASCII characters
Result: NOTE
Note: found 13 marked UTF-8 strings
Flavors: r-devel-linux-x86_64-fedora-clang, r-devel-linux-x86_64-fedora-gcc, r-release-macos-arm64, r-release-macos-x86_64, r-oldrel-macos-arm64, r-oldrel-macos-x86_64