CRAN Package Check Results for Package phenoCDM

Last updated on 2023-01-31 19:07:32 CET.

Flavor Version Tinstall Tcheck Ttotal Status Flags
r-devel-linux-x86_64-debian-clang 0.1.3 2.73 37.90 40.63 NOTE
r-devel-linux-x86_64-debian-gcc 0.1.3 2.26 28.84 31.10 NOTE
r-devel-linux-x86_64-fedora-clang 0.1.3 59.50 NOTE
r-devel-linux-x86_64-fedora-gcc 0.1.3 59.89 NOTE
r-devel-windows-x86_64 0.1.3 20.00 72.00 92.00 NOTE
r-patched-linux-x86_64 0.1.3 2.88 37.31 40.19 NOTE
r-release-linux-x86_64 0.1.3 2.65 37.90 40.55 NOTE
r-release-macos-arm64 0.1.3 24.00 NOTE
r-release-macos-x86_64 0.1.3 30.00 NOTE
r-release-windows-x86_64 0.1.3 11.00 73.00 84.00 NOTE
r-oldrel-macos-arm64 0.1.3 18.00 NOTE
r-oldrel-macos-x86_64 0.1.3 32.00 NOTE
r-oldrel-windows-ix86+x86_64 0.1.3 6.00 70.00 76.00 NOTE

Check Details

Version: 0.1.3
Check: LazyData
Result: NOTE
     'LazyData' is specified without a 'data' directory
Flavors: r-devel-linux-x86_64-debian-clang, r-devel-linux-x86_64-debian-gcc, r-devel-linux-x86_64-fedora-clang, r-devel-linux-x86_64-fedora-gcc, r-devel-windows-x86_64, r-patched-linux-x86_64, r-release-linux-x86_64, r-release-macos-arm64, r-release-macos-x86_64, r-release-windows-x86_64, r-oldrel-macos-arm64, r-oldrel-macos-x86_64, r-oldrel-windows-ix86+x86_64