CRAN Package Check Results for Package permute

Last updated on 2022-10-05 12:56:58 CEST.

Flavor Version Tinstall Tcheck Ttotal Status Flags
r-devel-linux-x86_64-debian-clang 0.9-7 3.18 57.39 60.57 NOTE
r-devel-linux-x86_64-debian-gcc 0.9-7 2.38 43.34 45.72 NOTE
r-devel-linux-x86_64-fedora-clang 0.9-7 87.02 NOTE
r-devel-linux-x86_64-fedora-gcc 0.9-7 82.79 NOTE
r-devel-windows-x86_64 0.9-7 33.00 96.00 129.00 NOTE
r-patched-linux-x86_64 0.9-7 4.39 55.15 59.54 OK
r-release-linux-x86_64 0.9-7 3.94 55.59 59.53 OK
r-release-macos-arm64 0.9-7 26.00 OK
r-release-macos-x86_64 0.9-7 40.00 OK
r-release-windows-x86_64 0.9-7 31.00 93.00 124.00 OK
r-oldrel-macos-arm64 0.9-7 36.00 OK
r-oldrel-macos-x86_64 0.9-7 75.00 OK
r-oldrel-windows-ix86+x86_64 0.9-7 8.00 85.00 93.00 OK

Check Details

Version: 0.9-7
Check: Rd files
Result: NOTE
    checkRd: (-1) jackal.Rd:32: Escaped LaTeX specials: \&
Flavors: r-devel-linux-x86_64-debian-clang, r-devel-linux-x86_64-debian-gcc, r-devel-linux-x86_64-fedora-clang, r-devel-linux-x86_64-fedora-gcc, r-devel-windows-x86_64