Last updated on 2022-06-27 21:51:26 CEST.
Flavor | Version | Tinstall | Tcheck | Ttotal | Status | Flags |
---|---|---|---|---|---|---|
r-devel-linux-x86_64-debian-clang | 0.9.0 | 14.33 | 179.94 | 194.27 | NOTE | |
r-devel-linux-x86_64-debian-gcc | 0.9.1 | 15.60 | 132.83 | 148.43 | OK | |
r-devel-linux-x86_64-fedora-clang | 0.9.1 | 242.84 | OK | |||
r-devel-linux-x86_64-fedora-gcc | 0.9.1 | 245.60 | OK | |||
r-devel-windows-x86_64 | 0.9.1 | 70.00 | 193.00 | 263.00 | OK | |
r-patched-linux-x86_64 | 0.9.1 | 20.25 | 173.43 | 193.68 | NOTE | |
r-release-linux-x86_64 | 0.9.1 | 16.95 | 173.89 | 190.84 | NOTE | |
r-release-macos-arm64 | 0.9.1 | 7.00 | ERROR | |||
r-release-macos-x86_64 | 0.9.1 | 65.00 | OK | |||
r-release-windows-x86_64 | 0.9.1 | 238.00 | 232.00 | 470.00 | OK | |
r-oldrel-macos-arm64 | 0.9.1 | 44.00 | OK | |||
r-oldrel-macos-x86_64 | 0.9.1 | 66.00 | OK | |||
r-oldrel-windows-ix86+x86_64 | 0.9.1 | 29.00 | 235.00 | 264.00 | OK |
Version: 0.9.0
Check: Rd files
Result: NOTE
checkRd: (-1) check_multimodal.Rd:52: Escaped LaTeX specials: \&
checkRd: (-1) cronbachs_alpha.Rd:35: Escaped LaTeX specials: \&
checkRd: (-1) icc.Rd:61: Escaped LaTeX specials: \&
checkRd: (-1) model_performance.lavaan.Rd:98: Escaped LaTeX specials: \&
checkRd: (-1) model_performance.lavaan.Rd:101: Escaped LaTeX specials: \&
checkRd: (-1) model_performance.lavaan.Rd:105: Escaped LaTeX specials: \&
Flavor: r-devel-linux-x86_64-debian-clang
Version: 0.9.1
Check: package dependencies
Result: NOTE
Package suggested but not available for checking: ‘blavaan’
Flavors: r-patched-linux-x86_64, r-release-linux-x86_64
Version: 0.9.1
Check: package dependencies
Result: ERROR
Package required and available but unsuitable version: ‘datawizard’
See section ‘The DESCRIPTION file’ in the ‘Writing R Extensions’
manual.
Flavor: r-release-macos-arm64