CRAN Package Check Results for Package perccal

Last updated on 2022-10-04 07:49:54 CEST.

Flavor Version Tinstall Tcheck Ttotal Status Flags
r-devel-linux-x86_64-debian-clang 1.0 36.94 32.19 69.13 OK
r-devel-linux-x86_64-debian-gcc 1.0 28.18 24.67 52.85 OK
r-devel-linux-x86_64-fedora-clang 1.0 108.96 NOTE
r-devel-linux-x86_64-fedora-gcc 1.0 98.19 NOTE
r-devel-windows-x86_64 1.0 32.00 75.00 107.00 OK
r-patched-linux-x86_64 1.0 31.33 31.38 62.71 OK
r-release-linux-x86_64 1.0 30.02 30.91 60.93 OK
r-release-macos-arm64 1.0 30.00 OK
r-release-macos-x86_64 1.0 36.00 OK
r-release-windows-x86_64 1.0 36.00 77.00 113.00 OK
r-oldrel-macos-arm64 1.0 33.00 OK
r-oldrel-macos-x86_64 1.0 45.00 OK
r-oldrel-windows-ix86+x86_64 1.0 88.00 82.00 170.00 OK

Check Details

Version: 1.0
Check: compiled code
Result: NOTE
    File ‘perccal/libs/perccal.so’:
     Found no calls to: ‘R_registerRoutines’, ‘R_useDynamicSymbols’
    
    It is good practice to register native routines and to disable symbol
    search.
    
    See ‘Writing portable packages’ in the ‘Writing R Extensions’ manual.
Flavors: r-devel-linux-x86_64-fedora-clang, r-devel-linux-x86_64-fedora-gcc