Last updated on 2022-08-17 12:55:22 CEST.
Flavor | Version | Tinstall | Tcheck | Ttotal | Status | Flags |
---|---|---|---|---|---|---|
r-devel-linux-x86_64-debian-clang | 1.1 | 11.18 | 107.24 | 118.42 | OK | |
r-devel-linux-x86_64-debian-gcc | 1.1 | OK | ||||
r-devel-linux-x86_64-fedora-clang | 1.1 | 164.46 | OK | |||
r-devel-linux-x86_64-fedora-gcc | 1.1 | 151.27 | OK | |||
r-devel-windows-x86_64 | 1.1 | 41.00 | 181.00 | 222.00 | OK | |
r-patched-linux-x86_64 | 1.1 | 11.21 | 102.83 | 114.04 | OK | |
r-release-linux-x86_64 | 1.1 | 11.93 | 102.42 | 114.35 | OK | |
r-release-macos-arm64 | 1.1 | 48.00 | NOTE | |||
r-release-macos-x86_64 | 1.1 | 67.00 | OK | |||
r-release-windows-x86_64 | 1.1 | 53.00 | 190.00 | 243.00 | OK | |
r-oldrel-macos-arm64 | 1.1 | 48.00 | OK | |||
r-oldrel-macos-x86_64 | 1.1 | 70.00 | OK | |||
r-oldrel-windows-ix86+x86_64 | 1.1 | 25.00 | 174.00 | 199.00 | OK |
Version: 1.1
Check: package dependencies
Result: NOTE
Package suggested but not available for checking: ‘snpStats’
Flavor: r-release-macos-arm64