Last updated on 2022-08-11 18:50:23 CEST.
Flavor | Version | Tinstall | Tcheck | Ttotal | Status | Flags |
---|---|---|---|---|---|---|
r-devel-linux-x86_64-debian-clang | 1.0.0 | 49.94 | 445.37 | 495.31 | OK | |
r-devel-linux-x86_64-debian-gcc | 1.0.0 | 38.95 | 325.47 | 364.42 | OK | |
r-devel-linux-x86_64-fedora-clang | 1.0.0 | 605.89 | NOTE | |||
r-devel-linux-x86_64-fedora-gcc | 1.0.0 | 604.91 | NOTE | |||
r-devel-windows-x86_64 | 1.0.0 | 143.00 | 566.00 | 709.00 | OK | |
r-patched-linux-x86_64 | 1.0.0 | 44.69 | 430.23 | 474.92 | OK | |
r-release-linux-x86_64 | 1.0.0 | 51.19 | 421.41 | 472.60 | OK | |
r-release-macos-arm64 | 1.0.0 | 202.00 | NOTE | |||
r-release-macos-x86_64 | 1.0.0 | 302.00 | NOTE | |||
r-release-windows-x86_64 | 1.0.0 | 162.00 | 578.00 | 740.00 | OK | |
r-oldrel-macos-arm64 | 1.0.0 | 123.00 | NOTE | |||
r-oldrel-macos-x86_64 | 1.0.0 | 237.00 | NOTE | |||
r-oldrel-windows-ix86+x86_64 | 1.0.0 | 82.00 | 754.00 | 836.00 | OK |
Version: 1.0.0
Check: dependencies in R code
Result: NOTE
Namespace in Imports field not imported from: ‘lifecycle’
All declared Imports should be used.
Flavors: r-devel-linux-x86_64-fedora-clang, r-devel-linux-x86_64-fedora-gcc, r-release-macos-arm64, r-release-macos-x86_64, r-oldrel-macos-arm64, r-oldrel-macos-x86_64