CRAN Package Check Results for Package pdqr

Last updated on 2022-10-01 21:54:01 CEST.

Flavor Version Tinstall Tcheck Ttotal Status Flags
r-devel-linux-x86_64-debian-clang 0.3.0 8.03 161.10 169.13 NOTE
r-devel-linux-x86_64-debian-gcc 0.3.0 6.15 117.89 124.04 NOTE
r-devel-linux-x86_64-fedora-clang 0.3.0 214.47 NOTE
r-devel-linux-x86_64-fedora-gcc 0.3.0 201.03 NOTE
r-devel-windows-x86_64 0.3.0 91.00 206.00 297.00 NOTE
r-patched-linux-x86_64 0.3.0 8.33 151.70 160.03 NOTE
r-release-linux-x86_64 0.3.0 8.83 151.60 160.43 NOTE
r-release-macos-arm64 0.3.0 50.00 NOTE
r-release-macos-x86_64 0.3.0 80.00 NOTE
r-release-windows-x86_64 0.3.0 83.00 196.00 279.00 NOTE
r-oldrel-macos-arm64 0.3.0 57.00 NOTE
r-oldrel-macos-x86_64 0.3.0 111.00 NOTE
r-oldrel-windows-ix86+x86_64 0.3.0 18.00 190.00 208.00 NOTE

Check Details

Version: 0.3.0
Check: LazyData
Result: NOTE
     'LazyData' is specified without a 'data' directory
Flavors: r-devel-linux-x86_64-debian-clang, r-devel-linux-x86_64-debian-gcc, r-devel-linux-x86_64-fedora-clang, r-devel-linux-x86_64-fedora-gcc, r-devel-windows-x86_64, r-patched-linux-x86_64, r-release-linux-x86_64, r-release-macos-arm64, r-release-macos-x86_64, r-release-windows-x86_64, r-oldrel-macos-arm64, r-oldrel-macos-x86_64, r-oldrel-windows-ix86+x86_64