CRAN Package Check Results for Package pdfminer

Last updated on 2022-10-03 18:52:14 CEST.

Flavor Version Tinstall Tcheck Ttotal Status Flags
r-devel-linux-x86_64-debian-clang 1.0 2.26 27.23 29.49 NOTE
r-devel-linux-x86_64-debian-gcc 1.0 1.95 21.84 23.79 NOTE
r-devel-linux-x86_64-fedora-clang 1.0 49.68 NOTE
r-devel-linux-x86_64-fedora-gcc 1.0 47.43 NOTE
r-devel-windows-x86_64 1.0 12.00 59.00 71.00 NOTE
r-patched-linux-x86_64 1.0 2.48 26.74 29.22 NOTE
r-release-linux-x86_64 1.0 2.09 26.40 28.49 NOTE
r-release-macos-arm64 1.0 18.00 NOTE
r-release-macos-x86_64 1.0 22.00 NOTE
r-release-windows-x86_64 1.0 14.00 59.00 73.00 NOTE
r-oldrel-macos-arm64 1.0 23.00 NOTE
r-oldrel-macos-x86_64 1.0 26.00 NOTE
r-oldrel-windows-ix86+x86_64 1.0 5.00 52.00 57.00 OK

Check Details

Version: 1.0
Check: package dependencies
Result: NOTE
    Package suggested but not available for checking: 'PythonInR'
Flavors: r-devel-linux-x86_64-debian-clang, r-devel-linux-x86_64-debian-gcc, r-devel-linux-x86_64-fedora-clang, r-devel-linux-x86_64-fedora-gcc, r-devel-windows-x86_64, r-patched-linux-x86_64, r-release-linux-x86_64, r-release-macos-arm64, r-release-macos-x86_64, r-release-windows-x86_64, r-oldrel-macos-arm64, r-oldrel-macos-x86_64