CRAN Package Check Results for Package pdSpecEst

Last updated on 2022-10-02 21:53:48 CEST.

Flavor Version Tinstall Tcheck Ttotal Status Flags
r-devel-linux-x86_64-debian-clang 1.2.4 100.54 95.13 195.67 NOTE
r-devel-linux-x86_64-debian-gcc 1.2.4 79.95 69.39 149.34 NOTE
r-devel-linux-x86_64-fedora-clang 1.2.4 281.95 NOTE
r-devel-linux-x86_64-fedora-gcc 1.2.4 261.18 NOTE
r-devel-windows-x86_64 1.2.4 103.00 149.00 252.00 NOTE
r-patched-linux-x86_64 1.2.4 84.09 87.06 171.15 NOTE
r-release-linux-x86_64 1.2.4 87.70 88.34 176.04 NOTE
r-release-macos-arm64 1.2.4 73.00 NOTE
r-release-macos-x86_64 1.2.4 92.00 NOTE
r-release-windows-x86_64 1.2.4 95.00 144.00 239.00 NOTE
r-oldrel-macos-arm64 1.2.4 85.00 NOTE
r-oldrel-macos-x86_64 1.2.4 112.00 NOTE
r-oldrel-windows-ix86+x86_64 1.2.4 243.00 156.00 399.00 NOTE

Check Details

Version: 1.2.4
Check: LazyData
Result: NOTE
     'LazyData' is specified without a 'data' directory
Flavors: r-devel-linux-x86_64-debian-clang, r-devel-linux-x86_64-debian-gcc, r-devel-linux-x86_64-fedora-clang, r-devel-linux-x86_64-fedora-gcc, r-devel-windows-x86_64, r-patched-linux-x86_64, r-release-linux-x86_64, r-release-macos-arm64, r-release-macos-x86_64, r-release-windows-x86_64, r-oldrel-macos-arm64, r-oldrel-macos-x86_64, r-oldrel-windows-ix86+x86_64

Version: 1.2.4
Check: installed package size
Result: NOTE
     installed size is 7.3Mb
     sub-directories of 1Mb or more:
     libs 6.3Mb
Flavors: r-release-macos-arm64, r-release-macos-x86_64, r-oldrel-macos-arm64, r-oldrel-macos-x86_64