CRAN Package Check Results for Package pdR

Last updated on 2022-06-26 00:51:43 CEST.

Flavor Version Tinstall Tcheck Ttotal Status Flags
r-devel-linux-x86_64-debian-clang 1.8 9.56 117.47 127.03 OK
r-devel-linux-x86_64-debian-gcc 1.8 7.64 86.06 93.70 OK
r-devel-linux-x86_64-fedora-clang 1.8 162.87 WARN
r-devel-linux-x86_64-fedora-gcc 1.8 156.97 WARN
r-devel-windows-x86_64 1.8 28.00 134.00 162.00 OK
r-patched-linux-x86_64 1.8 13.25 113.94 127.19 OK
r-release-linux-x86_64 1.8 12.25 114.96 127.21 OK
r-release-macos-arm64 1.8 61.00 NOTE
r-release-macos-x86_64 1.8 81.00 NOTE
r-release-windows-x86_64 1.8 27.00 144.00 171.00 OK
r-oldrel-macos-arm64 1.8 60.00 NOTE
r-oldrel-macos-x86_64 1.8 81.00 NOTE
r-oldrel-windows-ix86+x86_64 1.8 31.00 128.00 159.00 OK

Check Details

Version: 1.8
Check: package dependencies
Result: WARN
    Requires (indirectly) orphaned package: ‘gtools’
Flavors: r-devel-linux-x86_64-fedora-clang, r-devel-linux-x86_64-fedora-gcc

Version: 1.8
Check: dependencies in R code
Result: NOTE
    Namespaces in Imports field not imported from:
     ‘car’ ‘sandwich’
     All declared Imports should be used.
Flavors: r-devel-linux-x86_64-fedora-clang, r-devel-linux-x86_64-fedora-gcc, r-release-macos-arm64, r-release-macos-x86_64, r-oldrel-macos-arm64, r-oldrel-macos-x86_64