CRAN Package Check Results for Package pcds

Last updated on 2022-10-03 21:53:44 CEST.

Flavor Version Tinstall Tcheck Ttotal Status Flags
r-devel-linux-x86_64-debian-clang 0.1.4 31.15 302.97 334.12 NOTE
r-devel-linux-x86_64-debian-gcc 0.1.4 30.21 215.15 245.36 NOTE
r-devel-linux-x86_64-fedora-clang 0.1.4 428.78 NOTE
r-devel-linux-x86_64-fedora-gcc 0.1.4 413.15 NOTE
r-devel-windows-x86_64 0.1.4 104.00 366.00 470.00 NOTE
r-patched-linux-x86_64 0.1.4 54.37 298.51 352.88 OK
r-release-linux-x86_64 0.1.4 48.62 297.50 346.12 OK
r-release-macos-arm64 0.1.4 182.00 OK
r-release-macos-x86_64 0.1.4 241.00 OK
r-release-windows-x86_64 0.1.4 97.00 303.00 400.00 OK
r-oldrel-macos-arm64 0.1.4 179.00 OK
r-oldrel-macos-x86_64 0.1.4 248.00 OK
r-oldrel-windows-ix86+x86_64 0.1.4 56.00 302.00 358.00 OK

Check Details

Version: 0.1.4
Check: Rd files
Result: NOTE
    checkRd: (-1) Dist.Rd:50: Escaped LaTeX specials: \&
Flavors: r-devel-linux-x86_64-debian-clang, r-devel-linux-x86_64-debian-gcc, r-devel-linux-x86_64-fedora-clang, r-devel-linux-x86_64-fedora-gcc, r-devel-windows-x86_64