Last updated on 2023-02-01 21:55:01 CET.
Flavor | Version | Tinstall | Tcheck | Ttotal | Status | Flags |
---|---|---|---|---|---|---|
r-devel-linux-x86_64-debian-clang | 0.4 | 1.71 | 29.69 | 31.40 | NOTE | |
r-devel-linux-x86_64-debian-gcc | 0.4 | 1.73 | 23.11 | 24.84 | NOTE | |
r-devel-linux-x86_64-fedora-clang | 0.4 | 40.65 | NOTE | |||
r-devel-linux-x86_64-fedora-gcc | 0.4 | 40.53 | NOTE | |||
r-patched-linux-x86_64 | 0.4 | 8.83 | 29.98 | 38.81 | NOTE | |
r-release-linux-x86_64 | 0.4 | 1.54 | 29.73 | 31.27 | NOTE | |
r-release-macos-arm64 | 0.4 | 20.00 | NOTE | |||
r-release-macos-x86_64 | 0.4 | 30.00 | NOTE | |||
r-release-windows-x86_64 | 0.4 | 10.00 | 60.00 | 70.00 | NOTE | |
r-oldrel-macos-arm64 | 0.4 | 23.00 | NOTE | |||
r-oldrel-macos-x86_64 | 0.4 | 30.00 | NOTE | |||
r-oldrel-windows-ix86+x86_64 | 0.4 | 6.00 | 56.00 | 62.00 | NOTE |
Version: 0.4
Check: LazyData
Result: NOTE
'LazyData' is specified without a 'data' directory
Flavors: r-devel-linux-x86_64-debian-clang, r-devel-linux-x86_64-debian-gcc, r-devel-linux-x86_64-fedora-clang, r-devel-linux-x86_64-fedora-gcc, r-patched-linux-x86_64, r-release-linux-x86_64, r-release-macos-arm64, r-release-macos-x86_64, r-release-windows-x86_64, r-oldrel-macos-arm64, r-oldrel-macos-x86_64, r-oldrel-windows-ix86+x86_64
Version: 0.4
Check: dependencies in R code
Result: NOTE
Namespace in Imports field not imported from: ‘fda’
All declared Imports should be used.
Flavors: r-devel-linux-x86_64-fedora-clang, r-devel-linux-x86_64-fedora-gcc, r-release-macos-arm64, r-release-macos-x86_64, r-oldrel-macos-arm64, r-oldrel-macos-x86_64