CRAN Package Check Results for Package pbo

Last updated on 2024-06-15 12:48:30 CEST.

Flavor Version Tinstall Tcheck Ttotal Status Flags
r-devel-linux-x86_64-debian-clang 1.3.5 3.50 38.22 41.72 OK
r-devel-linux-x86_64-debian-gcc 1.3.5 2.81 30.21 33.02 OK
r-devel-linux-x86_64-fedora-clang 1.3.5 55.49 OK
r-devel-linux-x86_64-fedora-gcc 1.3.5 72.99 OK
r-devel-windows-x86_64 1.3.5 5.00 49.00 54.00 OK
r-patched-linux-x86_64 1.3.5 4.30 38.54 42.84 OK
r-release-linux-x86_64 1.3.5 3.04 37.87 40.91 OK
r-release-macos-arm64 1.3.5 26.00 OK
r-release-macos-x86_64 1.3.5 40.00 OK
r-release-windows-x86_64 1.3.5 5.00 51.00 56.00 OK
r-oldrel-macos-arm64 1.3.5 28.00 OK
r-oldrel-macos-x86_64 1.3.5 38.00 NOTE
r-oldrel-windows-x86_64 1.3.5 5.00 55.00 60.00 OK

Check Details

Version: 1.3.5
Check: package dependencies
Result: NOTE Package suggested but not available for checking: ‘PerformanceAnalytics’ Flavor: r-oldrel-macos-x86_64