CRAN Package Check Results for Package pbo

Last updated on 2022-09-26 12:53:29 CEST.

Flavor Version Tinstall Tcheck Ttotal Status Flags
r-devel-linux-x86_64-debian-clang 1.3.5 3.73 43.65 47.38 OK
r-devel-linux-x86_64-debian-gcc 1.3.5 3.00 33.12 36.12 OK
r-devel-linux-x86_64-fedora-clang 1.3.5 69.14 OK
r-devel-linux-x86_64-fedora-gcc 1.3.5 64.84 OK
r-devel-windows-x86_64 1.3.5 16.00 71.00 87.00 OK
r-patched-linux-x86_64 1.3.5 3.30 41.50 44.80 OK
r-release-linux-x86_64 1.3.5 3.63 41.09 44.72 OK
r-release-macos-arm64 1.3.5 51.00 OK
r-release-macos-x86_64 1.3.5 29.00 OK
r-release-windows-x86_64 1.3.5 15.00 72.00 87.00 OK
r-oldrel-macos-arm64 1.3.5 9.00 ERROR
r-oldrel-macos-x86_64 1.3.5 27.00 OK
r-oldrel-windows-ix86+x86_64 1.3.5 10.00 62.00 72.00 OK

Check Details

Version: 1.3.5
Check: package dependencies
Result: ERROR
    Package required and available but unsuitable version: ‘utils’
    
    See section ‘The DESCRIPTION file’ in the ‘Writing R Extensions’
    manual.
Flavor: r-oldrel-macos-arm64