Last updated on 2022-06-29 06:53:33 CEST.
Flavor | Version | Tinstall | Tcheck | Ttotal | Status | Flags |
---|---|---|---|---|---|---|
r-devel-linux-x86_64-debian-clang | 0.5.1 | 14.37 | 205.94 | 220.31 | OK | |
r-devel-linux-x86_64-debian-gcc | 0.5.1 | 12.00 | 150.66 | 162.66 | OK | |
r-devel-linux-x86_64-fedora-clang | 0.5.1 | 263.93 | NOTE | |||
r-devel-linux-x86_64-fedora-gcc | 0.5.1 | 266.41 | NOTE | |||
r-devel-windows-x86_64 | 0.5.1 | 43.00 | 221.00 | 264.00 | OK | |
r-patched-linux-x86_64 | 0.5.1 | 16.56 | 194.50 | 211.06 | OK | |
r-release-linux-x86_64 | 0.5.1 | 12.64 | 191.70 | 204.34 | OK | |
r-release-macos-arm64 | 0.5.1 | 76.00 | NOTE | |||
r-release-macos-x86_64 | 0.5.1 | 131.00 | NOTE | |||
r-release-windows-x86_64 | 0.5.1 | 46.00 | 226.00 | 272.00 | OK | |
r-oldrel-macos-arm64 | 0.5.1 | 87.00 | NOTE | |||
r-oldrel-macos-x86_64 | 0.5.1 | 133.00 | NOTE | |||
r-oldrel-windows-ix86+x86_64 | 0.5.1 | 31.00 | 229.00 | 260.00 | OK |
Version: 0.5.1
Check: dependencies in R code
Result: NOTE
Namespace in Imports field not imported from: ‘knitr’
All declared Imports should be used.
Flavors: r-devel-linux-x86_64-fedora-clang, r-devel-linux-x86_64-fedora-gcc, r-release-macos-arm64, r-release-macos-x86_64, r-oldrel-macos-arm64, r-oldrel-macos-x86_64