Last updated on 2023-12-02 00:52:04 CET.
Flavor | Version | Tinstall | Tcheck | Ttotal | Status | Flags |
---|---|---|---|---|---|---|
r-devel-linux-x86_64-debian-clang | 2.2-16 | 28.88 | 110.27 | 139.15 | NOTE | |
r-devel-linux-x86_64-debian-gcc | 2.2-16 | 20.19 | 81.66 | 101.85 | NOTE | |
r-devel-linux-x86_64-fedora-clang | 2.2-16 | 176.53 | NOTE | |||
r-devel-linux-x86_64-fedora-gcc | 2.2-16 | 163.36 | NOTE | |||
r-devel-windows-x86_64 | 2.2-16 | 29.00 | 103.00 | 132.00 | NOTE | |
r-patched-linux-x86_64 | 2.2-16 | 21.52 | 108.18 | 129.70 | NOTE | |
r-release-linux-x86_64 | 2.2-16 | 22.61 | 107.27 | 129.88 | NOTE | |
r-release-macos-arm64 | 2.2-16 | 56.00 | NOTE | |||
r-release-macos-x86_64 | 2.2-16 | 91.00 | NOTE | |||
r-release-windows-x86_64 | 2.2-16 | 38.00 | 117.00 | 155.00 | NOTE | |
r-oldrel-macos-arm64 | 2.2-16 | 102.00 | OK | |||
r-oldrel-macos-x86_64 | 2.2-16 | 138.00 | OK | |||
r-oldrel-windows-x86_64 | 2.2-16 | 32.00 | 117.00 | 149.00 | OK |
Version: 2.2-16
Check: Rd \usage sections
Result: NOTE
S3 methods shown with full name in Rd file 'ped.Rd':
‘ped.markerNames’
The \usage entries for S3 methods should use the \method markup and not
their full name.
See chapter ‘Writing R documentation files’ in the ‘Writing R
Extensions’ manual.
Flavors: r-devel-linux-x86_64-debian-clang, r-devel-linux-x86_64-debian-gcc, r-devel-linux-x86_64-fedora-clang, r-devel-linux-x86_64-fedora-gcc, r-devel-windows-x86_64
Version: 2.2-16
Check: Rd \usage sections
Result: NOTE
S3 methods shown with full name in documentation object 'ped':
‘ped.markerNames’
The \usage entries for S3 methods should use the \method markup and not
their full name.
See chapter ‘Writing R documentation files’ in the ‘Writing R
Extensions’ manual.
Flavors: r-patched-linux-x86_64, r-release-linux-x86_64, r-release-macos-arm64, r-release-macos-x86_64, r-release-windows-x86_64
Version: 2.2-16
Check: package dependencies
Result: NOTE
Package suggested but not available for checking: ‘kinship2’
Flavor: r-release-macos-x86_64