CRAN Package Check Results for Package pbapply

Last updated on 2024-04-20 06:58:50 CEST.

Flavor Version Tinstall Tcheck Ttotal Status Flags
r-devel-linux-x86_64-debian-clang 1.7-2 3.45 48.93 52.38 OK
r-devel-linux-x86_64-debian-gcc 1.7-2 2.12 36.95 39.07 OK
r-devel-linux-x86_64-fedora-clang 1.7-2 64.19 OK
r-devel-linux-x86_64-fedora-gcc 1.7-2 62.20 OK
r-prerel-macos-arm64 1.7-2 57.00 OK
r-prerel-macos-x86_64 1.7-2 54.00 ERROR
r-prerel-windows-x86_64 1.7-2 5.00 86.00 91.00 OK
r-patched-linux-x86_64 1.7-2 2.57 46.54 49.11 OK
r-release-linux-x86_64 1.7-2 2.84 48.38 51.22 OK
r-release-macos-arm64 1.7-2 63.00 OK
r-release-macos-x86_64 1.7-2 86.00 OK
r-release-windows-x86_64 1.7-2 4.00 94.00 98.00 OK
r-oldrel-macos-arm64 1.7-2 67.00 OK
r-oldrel-windows-x86_64 1.7-2 5.00 97.00 102.00 OK

Check Details

Version: 1.7-2
Check: package dependencies
Result: NOTE Packages suggested but not available for checking: 'shiny', 'future', 'future.apply' Flavor: r-prerel-macos-x86_64

Version: 1.7-2
Check: tests
Result: ERROR Running ‘tests.R’ [8s/21s] Running the tests in ‘tests/tests.R’ failed. Last 13 lines of output: |++++++ | 12% ~01s |+++++++ | 14% ~01s |++++++++ | 16% ~01s |+++++++++ | 18% ~01s |++++++++++ | 20% ~01s |+++++++++++ | 22% ~01s |++++++++++++ | 24% ~01s |+++++++++++++ | 26% ~01s |++++++++++++++ | 28% ~01s |+++++++++++++++ | 30% ~01s |++++++++++++++++ | 32% ~01s |+++++++++++++++++ | 34% ~01s Timing stopped at: 0.166 0.27 0.328 Execution halted * checking PDF version of manual ...* using check arguments '--no-clean-on-error ' Flavor: r-prerel-macos-x86_64