CRAN Package Check Results for Package paws.security.identity

Last updated on 2022-12-04 12:55:33 CET.

Flavor Version Tinstall Tcheck Ttotal Status Flags
r-devel-linux-x86_64-debian-clang 0.1.12 81.37 278.11 359.48 NOTE
r-devel-linux-x86_64-debian-gcc 0.1.12 55.41 207.92 263.33 NOTE
r-devel-linux-x86_64-fedora-clang 0.1.12 464.73 NOTE
r-devel-linux-x86_64-fedora-gcc 0.1.12 459.91 NOTE
r-devel-windows-x86_64 0.1.12 1786.00 585.00 2371.00 NOTE
r-patched-linux-x86_64 0.1.12 97.02 152.33 249.35 OK
r-release-linux-x86_64 0.1.12 65.36 152.14 217.50 OK
r-release-macos-arm64 0.1.12 70.00 NOTE
r-release-macos-x86_64 0.1.12 157.00 OK
r-release-windows-x86_64 0.1.12 2358.00 253.00 2611.00 OK
r-oldrel-macos-arm64 0.1.12 93.00 NOTE
r-oldrel-macos-x86_64 0.1.12 138.00 OK
r-oldrel-windows-ix86+x86_64 0.1.12 122.00 189.00 311.00 OK

Check Details

Version: 0.1.12
Check: Rd files
Result: NOTE
    checkRd: (-1) iam_update_account_password_policy.Rd:21: Escaped LaTeX specials: \#
Flavors: r-devel-linux-x86_64-debian-clang, r-devel-linux-x86_64-debian-gcc, r-devel-linux-x86_64-fedora-clang, r-devel-linux-x86_64-fedora-gcc, r-devel-windows-x86_64

Version: 0.1.12
Check: installed package size
Result: NOTE
     installed size is 5.1Mb
     sub-directories of 1Mb or more:
     R 2.0Mb
     help 3.0Mb
Flavors: r-release-macos-arm64, r-oldrel-macos-arm64