CRAN Package Check Results for Package paws.networking

Last updated on 2022-12-04 12:55:33 CET.

Flavor Version Tinstall Tcheck Ttotal Status Flags
r-devel-linux-x86_64-debian-clang 0.1.12 55.99 172.49 228.48 NOTE
r-devel-linux-x86_64-debian-gcc 0.1.12 50.73 132.79 183.52 NOTE
r-devel-linux-x86_64-fedora-clang 0.1.12 319.71 NOTE
r-devel-linux-x86_64-fedora-gcc 0.1.12 308.74 NOTE
r-devel-windows-x86_64 0.1.12 796.00 378.00 1174.00 NOTE
r-patched-linux-x86_64 0.1.12 71.75 109.53 181.28 OK
r-release-linux-x86_64 0.1.12 49.02 109.46 158.48 OK
r-release-macos-arm64 0.1.12 55.00 OK
r-release-macos-x86_64 0.1.12 113.00 OK
r-release-windows-x86_64 0.1.12 734.00 177.00 911.00 OK
r-oldrel-macos-arm64 0.1.12 74.00 OK
r-oldrel-macos-x86_64 0.1.12 98.00 OK
r-oldrel-windows-ix86+x86_64 0.1.12 94.00 135.00 229.00 OK

Check Details

Version: 0.1.12
Check: Rd files
Result: NOTE
    checkRd: (-1) apigatewayv2_create_stage.Rd:34: Escaped LaTeX specials: \#
    checkRd: (-1) apigatewayv2_update_stage.Rd:36: Escaped LaTeX specials: \#
Flavors: r-devel-linux-x86_64-debian-clang, r-devel-linux-x86_64-debian-gcc, r-devel-linux-x86_64-fedora-clang, r-devel-linux-x86_64-fedora-gcc, r-devel-windows-x86_64