CRAN Package Check Results for Package paws.management

Last updated on 2022-12-04 06:49:25 CET.

Flavor Version Tinstall Tcheck Ttotal Status Flags
r-devel-linux-x86_64-debian-clang 0.1.12 65.65 234.84 300.49 NOTE
r-devel-linux-x86_64-debian-gcc 0.1.12 58.64 174.46 233.10 NOTE
r-devel-linux-x86_64-fedora-clang 0.1.12 400.93 NOTE
r-devel-linux-x86_64-fedora-gcc 0.1.12 386.01 NOTE
r-devel-windows-x86_64 0.1.12 978.00 507.00 1485.00 NOTE
r-patched-linux-x86_64 0.1.12 81.72 138.00 219.72 OK
r-release-linux-x86_64 0.1.12 68.86 137.99 206.85 OK
r-release-macos-arm64 0.1.12 64.00 NOTE
r-release-macos-x86_64 0.1.12 138.00 OK
r-release-windows-x86_64 0.1.12 1077.00 224.00 1301.00 OK
r-oldrel-macos-arm64 0.1.12 89.00 OK
r-oldrel-macos-x86_64 0.1.12 116.00 OK
r-oldrel-windows-ix86+x86_64 0.1.12 106.00 166.00 272.00 OK

Check Details

Version: 0.1.12
Check: Rd files
Result: NOTE
    checkRd: (-1) cloudwatchlogs_create_log_group.Rd:30: Escaped LaTeX specials: \#
    checkRd: (-1) licensemanager_create_license_configuration.Rd:23: Escaped LaTeX specials: \#
    checkRd: (-1) licensemanager_create_license_configuration.Rd:24: Escaped LaTeX specials: \#
    checkRd: (-1) opsworks_update_layer.Rd:23: Escaped LaTeX specials: \_
    checkRd: (-1) opsworkscm_create_server.Rd:76: Escaped LaTeX specials: \#
    checkRd: (-1) ssm_send_command.Rd:47: Escaped LaTeX specials: \$
    checkRd: (-1) ssm_send_command.Rd:49: Escaped LaTeX specials: \$
Flavors: r-devel-linux-x86_64-debian-clang, r-devel-linux-x86_64-debian-gcc, r-devel-linux-x86_64-fedora-clang, r-devel-linux-x86_64-fedora-gcc, r-devel-windows-x86_64

Version: 0.1.12
Check: installed package size
Result: NOTE
     installed size is 5.5Mb
     sub-directories of 1Mb or more:
     R 2.0Mb
     help 3.3Mb
Flavor: r-release-macos-arm64