CRAN Package Check Results for Package paws.machine.learning

Last updated on 2023-12-02 21:40:04 CET.

Flavor Version Tinstall Tcheck Ttotal Status Flags
r-devel-linux-x86_64-debian-clang 0.4.0 137.34 290.68 428.02 NOTE
r-devel-linux-x86_64-debian-gcc 0.4.0 107.95 214.67 322.62 NOTE
r-devel-linux-x86_64-fedora-clang 0.4.0 543.22 OK
r-devel-linux-x86_64-fedora-gcc 0.4.0 507.06 OK
r-devel-windows-x86_64 0.4.0 111.00 356.00 467.00 OK
r-patched-linux-x86_64 0.4.0 146.13 268.99 415.12 OK
r-release-linux-x86_64 0.4.0 133.25 270.06 403.31 OK
r-release-macos-arm64 0.4.0 134.00 NOTE
r-release-macos-x86_64 0.4.0 270.00 NOTE
r-release-windows-x86_64 0.4.0 149.00 396.00 545.00 OK
r-oldrel-macos-arm64 0.4.0 113.00 NOTE
r-oldrel-macos-x86_64 0.4.0 147.00 OK
r-oldrel-windows-x86_64 0.4.0 154.00 182.00 336.00 OK

Check Details

Version: 0.4.0
Check: Rd files
Result: NOTE checkRd: (-1) augmentedairuntime.Rd:19: Lost braces in \itemize; meant \describe ? checkRd: (-1) augmentedairuntime.Rd:20: Lost braces in \itemize; meant \describe ? checkRd: (-1) augmentedairuntime.Rd:21: Lost braces in \itemize; meant \describe ? checkRd: (-1) augmentedairuntime.Rd:23: Lost braces in \itemize; meant \describe ? checkRd: (-1) augmentedairuntime.Rd:24: Lost braces in \itemize; meant \describe ? checkRd: (-1) augmentedairuntime.Rd:25: Lost braces in \itemize; meant \describe ? checkRd: (-1) augmentedairuntime.Rd:26: Lost braces in \itemize; meant \describe ? checkRd: (-1) augmentedairuntime.Rd:28: Lost braces in \itemize; meant \describe ? checkRd: (-1) augmentedairuntime.Rd:29: Lost braces in \itemize; meant \describe ? checkRd: (-1) augmentedairuntime.Rd:30: Lost braces in \itemize; meant \describe ? checkRd: (-1) augmentedairuntime.Rd:31: Lost braces in \itemize; meant \describe ? checkRd: (-1) augmentedairuntime.Rd:37: Lost braces in \itemize; meant \describe ? checkRd: (-1) augmentedairuntime.Rd:38: Lost braces in \itemize; meant \describe ? checkRd: (-1) augmentedairuntime.Rd:39: Lost braces in \itemize; meant \describe ? checkRd: (-1) augmentedairuntime.Rd:41: Lost braces in \itemize; meant \describe ? checkRd: (-1) augmentedairuntime.Rd:42: Lost braces in \itemize; meant \describe ? checkRd: (-1) comprehend.Rd:19: Lost braces in \itemize; meant \describe ? checkRd: (-1) comprehend.Rd:20: Lost braces in \itemize; meant \describe ? checkRd: (-1) comprehend.Rd:21: Lost braces in \itemize; meant \describe ? checkRd: (-1) comprehend.Rd:23: Lost braces in \itemize; meant \describe ? checkRd: (-1) comprehend.Rd:24: Lost braces in \itemize; meant \describe ? checkRd: (-1) comprehend.Rd:25: Lost braces in \itemize; meant \describe ? checkRd: (-1) comprehend.Rd:26: Lost braces in \itemize; meant \describe ? checkRd: (-1) comprehend.Rd:28: Lost braces in \itemize; meant \describe ? checkRd: (-1) comprehend.Rd:29: Lost braces in \itemize; meant \describe ? checkRd: (-1) comprehend.Rd:30: Lost braces in \itemize; meant \describe ? checkRd: (-1) comprehend.Rd:31: Lost braces in \itemize; meant \describe ? checkRd: (-1) comprehend.Rd:37: Lost braces in \itemize; meant \describe ? checkRd: (-1) comprehend.Rd:38: Lost braces in \itemize; meant \describe ? checkRd: (-1) comprehend.Rd:39: Lost braces in \itemize; meant \describe ? checkRd: (-1) comprehend.Rd:41: Lost braces in \itemize; meant \describe ? checkRd: (-1) comprehend.Rd:42: Lost braces in \itemize; meant \describe ? checkRd: (-1) comprehendmedical.Rd:19: Lost braces in \itemize; meant \describe ? checkRd: (-1) comprehendmedical.Rd:20: Lost braces in \itemize; meant \describe ? checkRd: (-1) comprehendmedical.Rd:21: Lost braces in \itemize; meant \describe ? checkRd: (-1) comprehendmedical.Rd:23: Lost braces in \itemize; meant \describe ? checkRd: (-1) comprehendmedical.Rd:24: Lost braces in \itemize; meant \describe ? checkRd: (-1) comprehendmedical.Rd:25: Lost braces in \itemize; meant \describe ? checkRd: (-1) comprehendmedical.Rd:26: Lost braces in \itemize; meant \describe ? checkRd: (-1) comprehendmedical.Rd:28: Lost braces in \itemize; meant \describe ? checkRd: (-1) comprehendmedical.Rd:29: Lost braces in \itemize; meant \describe ? checkRd: (-1) comprehendmedical.Rd:30: Lost braces in \itemize; meant \describe ? checkRd: (-1) comprehendmedical.Rd:31: Lost braces in \itemize; meant \describe ? checkRd: (-1) comprehendmedical.Rd:37: Lost braces in \itemize; meant \describe ? checkRd: (-1) comprehendmedical.Rd:38: Lost braces in \itemize; meant \describe ? checkRd: (-1) comprehendmedical.Rd:39: Lost braces in \itemize; meant \describe ? checkRd: (-1) comprehendmedical.Rd:41: Lost braces in \itemize; meant \describe ? checkRd: (-1) comprehendmedical.Rd:42: Lost braces in \itemize; meant \describe ? checkRd: (-1) elasticinference.Rd:19: Lost braces in \itemize; meant \describe ? checkRd: (-1) elasticinference.Rd:20: Lost braces in \itemize; meant \describe ? checkRd: (-1) elasticinference.Rd:21: Lost braces in \itemize; meant \describe ? checkRd: (-1) elasticinference.Rd:23: Lost braces in \itemize; meant \describe ? checkRd: (-1) elasticinference.Rd:24: Lost braces in \itemize; meant \describe ? checkRd: (-1) elasticinference.Rd:25: Lost braces in \itemize; meant \describe ? checkRd: (-1) elasticinference.Rd:26: Lost braces in \itemize; meant \describe ? checkRd: (-1) elasticinference.Rd:28: Lost braces in \itemize; meant \describe ? checkRd: (-1) elasticinference.Rd:29: Lost braces in \itemize; meant \describe ? checkRd: (-1) elasticinference.Rd:30: Lost braces in \itemize; meant \describe ? checkRd: (-1) elasticinference.Rd:31: Lost braces in \itemize; meant \describe ? checkRd: (-1) elasticinference.Rd:37: Lost braces in \itemize; meant \describe ? checkRd: (-1) elasticinference.Rd:38: Lost braces in \itemize; meant \describe ? checkRd: (-1) elasticinference.Rd:39: Lost braces in \itemize; meant \describe ? checkRd: (-1) elasticinference.Rd:41: Lost braces in \itemize; meant \describe ? checkRd: (-1) elasticinference.Rd:42: Lost braces in \itemize; meant \describe ? checkRd: (-1) forecastqueryservice.Rd:19: Lost braces in \itemize; meant \describe ? checkRd: (-1) forecastqueryservice.Rd:20: Lost braces in \itemize; meant \describe ? checkRd: (-1) forecastqueryservice.Rd:21: Lost braces in \itemize; meant \describe ? checkRd: (-1) forecastqueryservice.Rd:23: Lost braces in \itemize; meant \describe ? checkRd: (-1) forecastqueryservice.Rd:24: Lost braces in \itemize; meant \describe ? checkRd: (-1) forecastqueryservice.Rd:25: Lost braces in \itemize; meant \describe ? checkRd: (-1) forecastqueryservice.Rd:26: Lost braces in \itemize; meant \describe ? checkRd: (-1) forecastqueryservice.Rd:28: Lost braces in \itemize; meant \describe ? checkRd: (-1) forecastqueryservice.Rd:29: Lost braces in \itemize; meant \describe ? checkRd: (-1) forecastqueryservice.Rd:30: Lost braces in \itemize; meant \describe ? checkRd: (-1) forecastqueryservice.Rd:31: Lost braces in \itemize; meant \describe ? checkRd: (-1) forecastqueryservice.Rd:37: Lost braces in \itemize; meant \describe ? checkRd: (-1) forecastqueryservice.Rd:38: Lost braces in \itemize; meant \describe ? checkRd: (-1) forecastqueryservice.Rd:39: Lost braces in \itemize; meant \describe ? checkRd: (-1) forecastqueryservice.Rd:41: Lost braces in \itemize; meant \describe ? checkRd: (-1) forecastqueryservice.Rd:42: Lost braces in \itemize; meant \describe ? checkRd: (-1) forecastservice.Rd:19: Lost braces in \itemize; meant \describe ? checkRd: (-1) forecastservice.Rd:20: Lost braces in \itemize; meant \describe ? checkRd: (-1) forecastservice.Rd:21: Lost braces in \itemize; meant \describe ? checkRd: (-1) forecastservice.Rd:23: Lost braces in \itemize; meant \describe ? checkRd: (-1) forecastservice.Rd:24: Lost braces in \itemize; meant \describe ? checkRd: (-1) forecastservice.Rd:25: Lost braces in \itemize; meant \describe ? checkRd: (-1) forecastservice.Rd:26: Lost braces in \itemize; meant \describe ? checkRd: (-1) forecastservice.Rd:28: Lost braces in \itemize; meant \describe ? checkRd: (-1) forecastservice.Rd:29: Lost braces in \itemize; meant \describe ? checkRd: (-1) forecastservice.Rd:30: Lost braces in \itemize; meant \describe ? checkRd: (-1) forecastservice.Rd:31: Lost braces in \itemize; meant \describe ? checkRd: (-1) forecastservice.Rd:37: Lost braces in \itemize; meant \describe ? checkRd: (-1) forecastservice.Rd:38: Lost braces in \itemize; meant \describe ? checkRd: (-1) forecastservice.Rd:39: Lost braces in \itemize; meant \describe ? checkRd: (-1) forecastservice.Rd:41: Lost braces in \itemize; meant \describe ? checkRd: (-1) forecastservice.Rd:42: Lost braces in \itemize; meant \describe ? checkRd: (-1) frauddetector.Rd:19: Lost braces in \itemize; meant \describe ? checkRd: (-1) frauddetector.Rd:20: Lost braces in \itemize; meant \describe ? checkRd: (-1) frauddetector.Rd:21: Lost braces in \itemize; meant \describe ? checkRd: (-1) frauddetector.Rd:23: Lost braces in \itemize; meant \describe ? checkRd: (-1) frauddetector.Rd:24: Lost braces in \itemize; meant \describe ? checkRd: (-1) frauddetector.Rd:25: Lost braces in \itemize; meant \describe ? checkRd: (-1) frauddetector.Rd:26: Lost braces in \itemize; meant \describe ? checkRd: (-1) frauddetector.Rd:28: Lost braces in \itemize; meant \describe ? checkRd: (-1) frauddetector.Rd:29: Lost braces in \itemize; meant \describe ? checkRd: (-1) frauddetector.Rd:30: Lost braces in \itemize; meant \describe ? checkRd: (-1) frauddetector.Rd:31: Lost braces in \itemize; meant \describe ? checkRd: (-1) frauddetector.Rd:37: Lost braces in \itemize; meant \describe ? checkRd: (-1) frauddetector.Rd:38: Lost braces in \itemize; meant \describe ? checkRd: (-1) frauddetector.Rd:39: Lost braces in \itemize; meant \describe ? checkRd: (-1) frauddetector.Rd:41: Lost braces in \itemize; meant \describe ? checkRd: (-1) frauddetector.Rd:42: Lost braces in \itemize; meant \describe ? checkRd: (-1) lexmodelbuildingservice.Rd:19: Lost braces in \itemize; meant \describe ? checkRd: (-1) lexmodelbuildingservice.Rd:20: Lost braces in \itemize; meant \describe ? checkRd: (-1) lexmodelbuildingservice.Rd:21: Lost braces in \itemize; meant \describe ? checkRd: (-1) lexmodelbuildingservice.Rd:23: Lost braces in \itemize; meant \describe ? checkRd: (-1) lexmodelbuildingservice.Rd:24: Lost braces in \itemize; meant \describe ? checkRd: (-1) lexmodelbuildingservice.Rd:25: Lost braces in \itemize; meant \describe ? checkRd: (-1) lexmodelbuildingservice.Rd:26: Lost braces in \itemize; meant \describe ? checkRd: (-1) lexmodelbuildingservice.Rd:28: Lost braces in \itemize; meant \describe ? checkRd: (-1) lexmodelbuildingservice.Rd:29: Lost braces in \itemize; meant \describe ? checkRd: (-1) lexmodelbuildingservice.Rd:30: Lost braces in \itemize; meant \describe ? checkRd: (-1) lexmodelbuildingservice.Rd:31: Lost braces in \itemize; meant \describe ? checkRd: (-1) lexmodelbuildingservice.Rd:37: Lost braces in \itemize; meant \describe ? checkRd: (-1) lexmodelbuildingservice.Rd:38: Lost braces in \itemize; meant \describe ? checkRd: (-1) lexmodelbuildingservice.Rd:39: Lost braces in \itemize; meant \describe ? checkRd: (-1) lexmodelbuildingservice.Rd:41: Lost braces in \itemize; meant \describe ? checkRd: (-1) lexmodelbuildingservice.Rd:42: Lost braces in \itemize; meant \describe ? checkRd: (-1) lexmodelsv2.Rd:19: Lost braces in \itemize; meant \describe ? checkRd: (-1) lexmodelsv2.Rd:20: Lost braces in \itemize; meant \describe ? checkRd: (-1) lexmodelsv2.Rd:21: Lost braces in \itemize; meant \describe ? checkRd: (-1) lexmodelsv2.Rd:23: Lost braces in \itemize; meant \describe ? checkRd: (-1) lexmodelsv2.Rd:24: Lost braces in \itemize; meant \describe ? checkRd: (-1) lexmodelsv2.Rd:25: Lost braces in \itemize; meant \describe ? checkRd: (-1) lexmodelsv2.Rd:26: Lost braces in \itemize; meant \describe ? checkRd: (-1) lexmodelsv2.Rd:28: Lost braces in \itemize; meant \describe ? checkRd: (-1) lexmodelsv2.Rd:29: Lost braces in \itemize; meant \describe ? checkRd: (-1) lexmodelsv2.Rd:30: Lost braces in \itemize; meant \describe ? checkRd: (-1) lexmodelsv2.Rd:31: Lost braces in \itemize; meant \describe ? checkRd: (-1) lexmodelsv2.Rd:37: Lost braces in \itemize; meant \describe ? checkRd: (-1) lexmodelsv2.Rd:38: Lost braces in \itemize; meant \describe ? checkRd: (-1) lexmodelsv2.Rd:39: Lost braces in \itemize; meant \describe ? checkRd: (-1) lexmodelsv2.Rd:41: Lost braces in \itemize; meant \describe ? checkRd: (-1) lexmodelsv2.Rd:42: Lost braces in \itemize; meant \describe ? checkRd: (-1) lexruntimeservice.Rd:19: Lost braces in \itemize; meant \describe ? checkRd: (-1) lexruntimeservice.Rd:20: Lost braces in \itemize; meant \describe ? checkRd: (-1) lexruntimeservice.Rd:21: Lost braces in \itemize; meant \describe ? checkRd: (-1) lexruntimeservice.Rd:23: Lost braces in \itemize; meant \describe ? checkRd: (-1) lexruntimeservice.Rd:24: Lost braces in \itemize; meant \describe ? checkRd: (-1) lexruntimeservice.Rd:25: Lost braces in \itemize; meant \describe ? checkRd: (-1) lexruntimeservice.Rd:26: Lost braces in \itemize; meant \describe ? checkRd: (-1) lexruntimeservice.Rd:28: Lost braces in \itemize; meant \describe ? checkRd: (-1) lexruntimeservice.Rd:29: Lost braces in \itemize; meant \describe ? checkRd: (-1) lexruntimeservice.Rd:30: Lost braces in \itemize; meant \describe ? checkRd: (-1) lexruntimeservice.Rd:31: Lost braces in \itemize; meant \describe ? checkRd: (-1) lexruntimeservice.Rd:37: Lost braces in \itemize; meant \describe ? checkRd: (-1) lexruntimeservice.Rd:38: Lost braces in \itemize; meant \describe ? checkRd: (-1) lexruntimeservice.Rd:39: Lost braces in \itemize; meant \describe ? checkRd: (-1) lexruntimeservice.Rd:41: Lost braces in \itemize; meant \describe ? checkRd: (-1) lexruntimeservice.Rd:42: Lost braces in \itemize; meant \describe ? checkRd: (-1) lexruntimev2.Rd:19: Lost braces in \itemize; meant \describe ? checkRd: (-1) lexruntimev2.Rd:20: Lost braces in \itemize; meant \describe ? checkRd: (-1) lexruntimev2.Rd:21: Lost braces in \itemize; meant \describe ? checkRd: (-1) lexruntimev2.Rd:23: Lost braces in \itemize; meant \describe ? checkRd: (-1) lexruntimev2.Rd:24: Lost braces in \itemize; meant \describe ? checkRd: (-1) lexruntimev2.Rd:25: Lost braces in \itemize; meant \describe ? checkRd: (-1) lexruntimev2.Rd:26: Lost braces in \itemize; meant \describe ? checkRd: (-1) lexruntimev2.Rd:28: Lost braces in \itemize; meant \describe ? checkRd: (-1) lexruntimev2.Rd:29: Lost braces in \itemize; meant \describe ? checkRd: (-1) lexruntimev2.Rd:30: Lost braces in \itemize; meant \describe ? checkRd: (-1) lexruntimev2.Rd:31: Lost braces in \itemize; meant \describe ? checkRd: (-1) lexruntimev2.Rd:37: Lost braces in \itemize; meant \describe ? checkRd: (-1) lexruntimev2.Rd:38: Lost braces in \itemize; meant \describe ? checkRd: (-1) lexruntimev2.Rd:39: Lost braces in \itemize; meant \describe ? checkRd: (-1) lexruntimev2.Rd:41: Lost braces in \itemize; meant \describe ? checkRd: (-1) lexruntimev2.Rd:42: Lost braces in \itemize; meant \describe ? checkRd: (-1) lookoutequipment.Rd:19: Lost braces in \itemize; meant \describe ? checkRd: (-1) lookoutequipment.Rd:20: Lost braces in \itemize; meant \describe ? checkRd: (-1) lookoutequipment.Rd:21: Lost braces in \itemize; meant \describe ? checkRd: (-1) lookoutequipment.Rd:23: Lost braces in \itemize; meant \describe ? checkRd: (-1) lookoutequipment.Rd:24: Lost braces in \itemize; meant \describe ? checkRd: (-1) lookoutequipment.Rd:25: Lost braces in \itemize; meant \describe ? checkRd: (-1) lookoutequipment.Rd:26: Lost braces in \itemize; meant \describe ? checkRd: (-1) lookoutequipment.Rd:28: Lost braces in \itemize; meant \describe ? checkRd: (-1) lookoutequipment.Rd:29: Lost braces in \itemize; meant \describe ? checkRd: (-1) lookoutequipment.Rd:30: Lost braces in \itemize; meant \describe ? checkRd: (-1) lookoutequipment.Rd:31: Lost braces in \itemize; meant \describe ? checkRd: (-1) lookoutequipment.Rd:37: Lost braces in \itemize; meant \describe ? checkRd: (-1) lookoutequipment.Rd:38: Lost braces in \itemize; meant \describe ? checkRd: (-1) lookoutequipment.Rd:39: Lost braces in \itemize; meant \describe ? checkRd: (-1) lookoutequipment.Rd:41: Lost braces in \itemize; meant \describe ? checkRd: (-1) lookoutequipment.Rd:42: Lost braces in \itemize; meant \describe ? checkRd: (-1) lookoutmetrics.Rd:19: Lost braces in \itemize; meant \describe ? checkRd: (-1) lookoutmetrics.Rd:20: Lost braces in \itemize; meant \describe ? checkRd: (-1) lookoutmetrics.Rd:21: Lost braces in \itemize; meant \describe ? checkRd: (-1) lookoutmetrics.Rd:23: Lost braces in \itemize; meant \describe ? checkRd: (-1) lookoutmetrics.Rd:24: Lost braces in \itemize; meant \describe ? checkRd: (-1) lookoutmetrics.Rd:25: Lost braces in \itemize; meant \describe ? checkRd: (-1) lookoutmetrics.Rd:26: Lost braces in \itemize; meant \describe ? checkRd: (-1) lookoutmetrics.Rd:28: Lost braces in \itemize; meant \describe ? checkRd: (-1) lookoutmetrics.Rd:29: Lost braces in \itemize; meant \describe ? checkRd: (-1) lookoutmetrics.Rd:30: Lost braces in \itemize; meant \describe ? checkRd: (-1) lookoutmetrics.Rd:31: Lost braces in \itemize; meant \describe ? checkRd: (-1) lookoutmetrics.Rd:37: Lost braces in \itemize; meant \describe ? checkRd: (-1) lookoutmetrics.Rd:38: Lost braces in \itemize; meant \describe ? checkRd: (-1) lookoutmetrics.Rd:39: Lost braces in \itemize; meant \describe ? checkRd: (-1) lookoutmetrics.Rd:41: Lost braces in \itemize; meant \describe ? checkRd: (-1) lookoutmetrics.Rd:42: Lost braces in \itemize; meant \describe ? checkRd: (-1) machinelearning.Rd:19: Lost braces in \itemize; meant \describe ? checkRd: (-1) machinelearning.Rd:20: Lost braces in \itemize; meant \describe ? checkRd: (-1) machinelearning.Rd:21: Lost braces in \itemize; meant \describe ? checkRd: (-1) machinelearning.Rd:23: Lost braces in \itemize; meant \describe ? checkRd: (-1) machinelearning.Rd:24: Lost braces in \itemize; meant \describe ? checkRd: (-1) machinelearning.Rd:25: Lost braces in \itemize; meant \describe ? checkRd: (-1) machinelearning.Rd:26: Lost braces in \itemize; meant \describe ? checkRd: (-1) machinelearning.Rd:28: Lost braces in \itemize; meant \describe ? checkRd: (-1) machinelearning.Rd:29: Lost braces in \itemize; meant \describe ? checkRd: (-1) machinelearning.Rd:30: Lost braces in \itemize; meant \describe ? checkRd: (-1) machinelearning.Rd:31: Lost braces in \itemize; meant \describe ? checkRd: (-1) machinelearning.Rd:37: Lost braces in \itemize; meant \describe ? checkRd: (-1) machinelearning.Rd:38: Lost braces in \itemize; meant \describe ? checkRd: (-1) machinelearning.Rd:39: Lost braces in \itemize; meant \describe ? checkRd: (-1) machinelearning.Rd:41: Lost braces in \itemize; meant \describe ? checkRd: (-1) machinelearning.Rd:42: Lost braces in \itemize; meant \describe ? checkRd: (-1) panorama.Rd:14: Lost braces in \itemize; meant \describe ? checkRd: (-1) panorama.Rd:15: Lost braces in \itemize; meant \describe ? checkRd: (-1) panorama.Rd:16: Lost braces in \itemize; meant \describe ? checkRd: (-1) panorama.Rd:18: Lost braces in \itemize; meant \describe ? checkRd: (-1) panorama.Rd:19: Lost braces in \itemize; meant \describe ? checkRd: (-1) panorama.Rd:20: Lost braces in \itemize; meant \describe ? checkRd: (-1) panorama.Rd:21: Lost braces in \itemize; meant \describe ? checkRd: (-1) panorama.Rd:23: Lost braces in \itemize; meant \describe ? checkRd: (-1) panorama.Rd:24: Lost braces in \itemize; meant \describe ? checkRd: (-1) panorama.Rd:25: Lost braces in \itemize; meant \describe ? checkRd: (-1) panorama.Rd:26: Lost braces in \itemize; meant \describe ? checkRd: (-1) panorama.Rd:32: Lost braces in \itemize; meant \describe ? checkRd: (-1) panorama.Rd:33: Lost braces in \itemize; meant \describe ? checkRd: (-1) panorama.Rd:34: Lost braces in \itemize; meant \describe ? checkRd: (-1) panorama.Rd:36: Lost braces in \itemize; meant \describe ? checkRd: (-1) panorama.Rd:37: Lost braces in \itemize; meant \describe ? checkRd: (-1) personalize.Rd:19: Lost braces in \itemize; meant \describe ? checkRd: (-1) personalize.Rd:20: Lost braces in \itemize; meant \describe ? checkRd: (-1) personalize.Rd:21: Lost braces in \itemize; meant \describe ? checkRd: (-1) personalize.Rd:23: Lost braces in \itemize; meant \describe ? checkRd: (-1) personalize.Rd:24: Lost braces in \itemize; meant \describe ? checkRd: (-1) personalize.Rd:25: Lost braces in \itemize; meant \describe ? checkRd: (-1) personalize.Rd:26: Lost braces in \itemize; meant \describe ? checkRd: (-1) personalize.Rd:28: Lost braces in \itemize; meant \describe ? checkRd: (-1) personalize.Rd:29: Lost braces in \itemize; meant \describe ? checkRd: (-1) personalize.Rd:30: Lost braces in \itemize; meant \describe ? checkRd: (-1) personalize.Rd:31: Lost braces in \itemize; meant \describe ? checkRd: (-1) personalize.Rd:37: Lost braces in \itemize; meant \describe ? checkRd: (-1) personalize.Rd:38: Lost braces in \itemize; meant \describe ? checkRd: (-1) personalize.Rd:39: Lost braces in \itemize; meant \describe ? checkRd: (-1) personalize.Rd:41: Lost braces in \itemize; meant \describe ? checkRd: (-1) personalize.Rd:42: Lost braces in \itemize; meant \describe ? checkRd: (-1) personalizeevents.Rd:19: Lost braces in \itemize; meant \describe ? checkRd: (-1) personalizeevents.Rd:20: Lost braces in \itemize; meant \describe ? checkRd: (-1) personalizeevents.Rd:21: Lost braces in \itemize; meant \describe ? checkRd: (-1) personalizeevents.Rd:23: Lost braces in \itemize; meant \describe ? checkRd: (-1) personalizeevents.Rd:24: Lost braces in \itemize; meant \describe ? checkRd: (-1) personalizeevents.Rd:25: Lost braces in \itemize; meant \describe ? checkRd: (-1) personalizeevents.Rd:26: Lost braces in \itemize; meant \describe ? checkRd: (-1) personalizeevents.Rd:28: Lost braces in \itemize; meant \describe ? checkRd: (-1) personalizeevents.Rd:29: Lost braces in \itemize; meant \describe ? checkRd: (-1) personalizeevents.Rd:30: Lost braces in \itemize; meant \describe ? checkRd: (-1) personalizeevents.Rd:31: Lost braces in \itemize; meant \describe ? checkRd: (-1) personalizeevents.Rd:37: Lost braces in \itemize; meant \describe ? checkRd: (-1) personalizeevents.Rd:38: Lost braces in \itemize; meant \describe ? checkRd: (-1) personalizeevents.Rd:39: Lost braces in \itemize; meant \describe ? checkRd: (-1) personalizeevents.Rd:41: Lost braces in \itemize; meant \describe ? checkRd: (-1) personalizeevents.Rd:42: Lost braces in \itemize; meant \describe ? checkRd: (-1) personalizeruntime.Rd:19: Lost braces in \itemize; meant \describe ? checkRd: (-1) personalizeruntime.Rd:20: Lost braces in \itemize; meant \describe ? checkRd: (-1) personalizeruntime.Rd:21: Lost braces in \itemize; meant \describe ? checkRd: (-1) personalizeruntime.Rd:23: Lost braces in \itemize; meant \describe ? checkRd: (-1) personalizeruntime.Rd:24: Lost braces in \itemize; meant \describe ? checkRd: (-1) personalizeruntime.Rd:25: Lost braces in \itemize; meant \describe ? checkRd: (-1) personalizeruntime.Rd:26: Lost braces in \itemize; meant \describe ? checkRd: (-1) personalizeruntime.Rd:28: Lost braces in \itemize; meant \describe ? checkRd: (-1) personalizeruntime.Rd:29: Lost braces in \itemize; meant \describe ? checkRd: (-1) personalizeruntime.Rd:30: Lost braces in \itemize; meant \describe ? checkRd: (-1) personalizeruntime.Rd:31: Lost braces in \itemize; meant \describe ? checkRd: (-1) personalizeruntime.Rd:37: Lost braces in \itemize; meant \describe ? checkRd: (-1) personalizeruntime.Rd:38: Lost braces in \itemize; meant \describe ? checkRd: (-1) personalizeruntime.Rd:39: Lost braces in \itemize; meant \describe ? checkRd: (-1) personalizeruntime.Rd:41: Lost braces in \itemize; meant \describe ? checkRd: (-1) personalizeruntime.Rd:42: Lost braces in \itemize; meant \describe ? checkRd: (-1) polly.Rd:14: Lost braces in \itemize; meant \describe ? checkRd: (-1) polly.Rd:15: Lost braces in \itemize; meant \describe ? checkRd: (-1) polly.Rd:16: Lost braces in \itemize; meant \describe ? checkRd: (-1) polly.Rd:18: Lost braces in \itemize; meant \describe ? checkRd: (-1) polly.Rd:19: Lost braces in \itemize; meant \describe ? checkRd: (-1) polly.Rd:20: Lost braces in \itemize; meant \describe ? checkRd: (-1) polly.Rd:21: Lost braces in \itemize; meant \describe ? checkRd: (-1) polly.Rd:23: Lost braces in \itemize; meant \describe ? checkRd: (-1) polly.Rd:24: Lost braces in \itemize; meant \describe ? checkRd: (-1) polly.Rd:25: Lost braces in \itemize; meant \describe ? checkRd: (-1) polly.Rd:26: Lost braces in \itemize; meant \describe ? checkRd: (-1) polly.Rd:32: Lost braces in \itemize; meant \describe ? checkRd: (-1) polly.Rd:33: Lost braces in \itemize; meant \describe ? checkRd: (-1) polly.Rd:34: Lost braces in \itemize; meant \describe ? checkRd: (-1) polly.Rd:36: Lost braces in \itemize; meant \describe ? checkRd: (-1) polly.Rd:37: Lost braces in \itemize; meant \describe ? checkRd: (-1) rekognition.Rd:19: Lost braces in \itemize; meant \describe ? checkRd: (-1) rekognition.Rd:20: Lost braces in \itemize; meant \describe ? checkRd: (-1) rekognition.Rd:21: Lost braces in \itemize; meant \describe ? checkRd: (-1) rekognition.Rd:23: Lost braces in \itemize; meant \describe ? checkRd: (-1) rekognition.Rd:24: Lost braces in \itemize; meant \describe ? checkRd: (-1) rekognition.Rd:25: Lost braces in \itemize; meant \describe ? checkRd: (-1) rekognition.Rd:26: Lost braces in \itemize; meant \describe ? checkRd: (-1) rekognition.Rd:28: Lost braces in \itemize; meant \describe ? checkRd: (-1) rekognition.Rd:29: Lost braces in \itemize; meant \describe ? checkRd: (-1) rekognition.Rd:30: Lost braces in \itemize; meant \describe ? checkRd: (-1) rekognition.Rd:31: Lost braces in \itemize; meant \describe ? checkRd: (-1) rekognition.Rd:37: Lost braces in \itemize; meant \describe ? checkRd: (-1) rekognition.Rd:38: Lost braces in \itemize; meant \describe ? checkRd: (-1) rekognition.Rd:39: Lost braces in \itemize; meant \describe ? checkRd: (-1) rekognition.Rd:41: Lost braces in \itemize; meant \describe ? checkRd: (-1) rekognition.Rd:42: Lost braces in \itemize; meant \describe ? checkRd: (-1) sagemaker.Rd:19: Lost braces in \itemize; meant \describe ? checkRd: (-1) sagemaker.Rd:20: Lost braces in \itemize; meant \describe ? checkRd: (-1) sagemaker.Rd:21: Lost braces in \itemize; meant \describe ? checkRd: (-1) sagemaker.Rd:23: Lost braces in \itemize; meant \describe ? checkRd: (-1) sagemaker.Rd:24: Lost braces in \itemize; meant \describe ? checkRd: (-1) sagemaker.Rd:25: Lost braces in \itemize; meant \describe ? checkRd: (-1) sagemaker.Rd:26: Lost braces in \itemize; meant \describe ? checkRd: (-1) sagemaker.Rd:28: Lost braces in \itemize; meant \describe ? checkRd: (-1) sagemaker.Rd:29: Lost braces in \itemize; meant \describe ? checkRd: (-1) sagemaker.Rd:30: Lost braces in \itemize; meant \describe ? checkRd: (-1) sagemaker.Rd:31: Lost braces in \itemize; meant \describe ? checkRd: (-1) sagemaker.Rd:37: Lost braces in \itemize; meant \describe ? checkRd: (-1) sagemaker.Rd:38: Lost braces in \itemize; meant \describe ? checkRd: (-1) sagemaker.Rd:39: Lost braces in \itemize; meant \describe ? checkRd: (-1) sagemaker.Rd:41: Lost braces in \itemize; meant \describe ? checkRd: (-1) sagemaker.Rd:42: Lost braces in \itemize; meant \describe ? checkRd: (-1) sagemakeredgemanager.Rd:19: Lost braces in \itemize; meant \describe ? checkRd: (-1) sagemakeredgemanager.Rd:20: Lost braces in \itemize; meant \describe ? checkRd: (-1) sagemakeredgemanager.Rd:21: Lost braces in \itemize; meant \describe ? checkRd: (-1) sagemakeredgemanager.Rd:23: Lost braces in \itemize; meant \describe ? checkRd: (-1) sagemakeredgemanager.Rd:24: Lost braces in \itemize; meant \describe ? checkRd: (-1) sagemakeredgemanager.Rd:25: Lost braces in \itemize; meant \describe ? checkRd: (-1) sagemakeredgemanager.Rd:26: Lost braces in \itemize; meant \describe ? checkRd: (-1) sagemakeredgemanager.Rd:28: Lost braces in \itemize; meant \describe ? checkRd: (-1) sagemakeredgemanager.Rd:29: Lost braces in \itemize; meant \describe ? checkRd: (-1) sagemakeredgemanager.Rd:30: Lost braces in \itemize; meant \describe ? checkRd: (-1) sagemakeredgemanager.Rd:31: Lost braces in \itemize; meant \describe ? checkRd: (-1) sagemakeredgemanager.Rd:37: Lost braces in \itemize; meant \describe ? checkRd: (-1) sagemakeredgemanager.Rd:38: Lost braces in \itemize; meant \describe ? checkRd: (-1) sagemakeredgemanager.Rd:39: Lost braces in \itemize; meant \describe ? checkRd: (-1) sagemakeredgemanager.Rd:41: Lost braces in \itemize; meant \describe ? checkRd: (-1) sagemakeredgemanager.Rd:42: Lost braces in \itemize; meant \describe ? checkRd: (-1) sagemakerfeaturestoreruntime.Rd:19: Lost braces in \itemize; meant \describe ? checkRd: (-1) sagemakerfeaturestoreruntime.Rd:20: Lost braces in \itemize; meant \describe ? checkRd: (-1) sagemakerfeaturestoreruntime.Rd:21: Lost braces in \itemize; meant \describe ? checkRd: (-1) sagemakerfeaturestoreruntime.Rd:23: Lost braces in \itemize; meant \describe ? checkRd: (-1) sagemakerfeaturestoreruntime.Rd:24: Lost braces in \itemize; meant \describe ? checkRd: (-1) sagemakerfeaturestoreruntime.Rd:25: Lost braces in \itemize; meant \describe ? checkRd: (-1) sagemakerfeaturestoreruntime.Rd:26: Lost braces in \itemize; meant \describe ? checkRd: (-1) sagemakerfeaturestoreruntime.Rd:28: Lost braces in \itemize; meant \describe ? checkRd: (-1) sagemakerfeaturestoreruntime.Rd:29: Lost braces in \itemize; meant \describe ? checkRd: (-1) sagemakerfeaturestoreruntime.Rd:30: Lost braces in \itemize; meant \describe ? checkRd: (-1) sagemakerfeaturestoreruntime.Rd:31: Lost braces in \itemize; meant \describe ? checkRd: (-1) sagemakerfeaturestoreruntime.Rd:37: Lost braces in \itemize; meant \describe ? checkRd: (-1) sagemakerfeaturestoreruntime.Rd:38: Lost braces in \itemize; meant \describe ? checkRd: (-1) sagemakerfeaturestoreruntime.Rd:39: Lost braces in \itemize; meant \describe ? checkRd: (-1) sagemakerfeaturestoreruntime.Rd:41: Lost braces in \itemize; meant \describe ? checkRd: (-1) sagemakerfeaturestoreruntime.Rd:42: Lost braces in \itemize; meant \describe ? checkRd: (-1) sagemakerruntime.Rd:19: Lost braces in \itemize; meant \describe ? checkRd: (-1) sagemakerruntime.Rd:20: Lost braces in \itemize; meant \describe ? checkRd: (-1) sagemakerruntime.Rd:21: Lost braces in \itemize; meant \describe ? checkRd: (-1) sagemakerruntime.Rd:23: Lost braces in \itemize; meant \describe ? checkRd: (-1) sagemakerruntime.Rd:24: Lost braces in \itemize; meant \describe ? checkRd: (-1) sagemakerruntime.Rd:25: Lost braces in \itemize; meant \describe ? checkRd: (-1) sagemakerruntime.Rd:26: Lost braces in \itemize; meant \describe ? checkRd: (-1) sagemakerruntime.Rd:28: Lost braces in \itemize; meant \describe ? checkRd: (-1) sagemakerruntime.Rd:29: Lost braces in \itemize; meant \describe ? checkRd: (-1) sagemakerruntime.Rd:30: Lost braces in \itemize; meant \describe ? checkRd: (-1) sagemakerruntime.Rd:31: Lost braces in \itemize; meant \describe ? checkRd: (-1) sagemakerruntime.Rd:37: Lost braces in \itemize; meant \describe ? checkRd: (-1) sagemakerruntime.Rd:38: Lost braces in \itemize; meant \describe ? checkRd: (-1) sagemakerruntime.Rd:39: Lost braces in \itemize; meant \describe ? checkRd: (-1) sagemakerruntime.Rd:41: Lost braces in \itemize; meant \describe ? checkRd: (-1) sagemakerruntime.Rd:42: Lost braces in \itemize; meant \describe ? checkRd: (-1) textract.Rd:14: Lost braces in \itemize; meant \describe ? checkRd: (-1) textract.Rd:15: Lost braces in \itemize; meant \describe ? checkRd: (-1) textract.Rd:16: Lost braces in \itemize; meant \describe ? checkRd: (-1) textract.Rd:18: Lost braces in \itemize; meant \describe ? checkRd: (-1) textract.Rd:19: Lost braces in \itemize; meant \describe ? checkRd: (-1) textract.Rd:20: Lost braces in \itemize; meant \describe ? checkRd: (-1) textract.Rd:21: Lost braces in \itemize; meant \describe ? checkRd: (-1) textract.Rd:23: Lost braces in \itemize; meant \describe ? checkRd: (-1) textract.Rd:24: Lost braces in \itemize; meant \describe ? checkRd: (-1) textract.Rd:25: Lost braces in \itemize; meant \describe ? checkRd: (-1) textract.Rd:26: Lost braces in \itemize; meant \describe ? checkRd: (-1) textract.Rd:32: Lost braces in \itemize; meant \describe ? checkRd: (-1) textract.Rd:33: Lost braces in \itemize; meant \describe ? checkRd: (-1) textract.Rd:34: Lost braces in \itemize; meant \describe ? checkRd: (-1) textract.Rd:36: Lost braces in \itemize; meant \describe ? checkRd: (-1) textract.Rd:37: Lost braces in \itemize; meant \describe ? checkRd: (-1) transcribeservice.Rd:19: Lost braces in \itemize; meant \describe ? checkRd: (-1) transcribeservice.Rd:20: Lost braces in \itemize; meant \describe ? checkRd: (-1) transcribeservice.Rd:21: Lost braces in \itemize; meant \describe ? checkRd: (-1) transcribeservice.Rd:23: Lost braces in \itemize; meant \describe ? checkRd: (-1) transcribeservice.Rd:24: Lost braces in \itemize; meant \describe ? checkRd: (-1) transcribeservice.Rd:25: Lost braces in \itemize; meant \describe ? checkRd: (-1) transcribeservice.Rd:26: Lost braces in \itemize; meant \describe ? checkRd: (-1) transcribeservice.Rd:28: Lost braces in \itemize; meant \describe ? checkRd: (-1) transcribeservice.Rd:29: Lost braces in \itemize; meant \describe ? checkRd: (-1) transcribeservice.Rd:30: Lost braces in \itemize; meant \describe ? checkRd: (-1) transcribeservice.Rd:31: Lost braces in \itemize; meant \describe ? checkRd: (-1) transcribeservice.Rd:37: Lost braces in \itemize; meant \describe ? checkRd: (-1) transcribeservice.Rd:38: Lost braces in \itemize; meant \describe ? checkRd: (-1) transcribeservice.Rd:39: Lost braces in \itemize; meant \describe ? checkRd: (-1) transcribeservice.Rd:41: Lost braces in \itemize; meant \describe ? checkRd: (-1) transcribeservice.Rd:42: Lost braces in \itemize; meant \describe ? checkRd: (-1) translate.Rd:19: Lost braces in \itemize; meant \describe ? checkRd: (-1) translate.Rd:20: Lost braces in \itemize; meant \describe ? checkRd: (-1) translate.Rd:21: Lost braces in \itemize; meant \describe ? checkRd: (-1) translate.Rd:23: Lost braces in \itemize; meant \describe ? checkRd: (-1) translate.Rd:24: Lost braces in \itemize; meant \describe ? checkRd: (-1) translate.Rd:25: Lost braces in \itemize; meant \describe ? checkRd: (-1) translate.Rd:26: Lost braces in \itemize; meant \describe ? checkRd: (-1) translate.Rd:28: Lost braces in \itemize; meant \describe ? checkRd: (-1) translate.Rd:29: Lost braces in \itemize; meant \describe ? checkRd: (-1) translate.Rd:30: Lost braces in \itemize; meant \describe ? checkRd: (-1) translate.Rd:31: Lost braces in \itemize; meant \describe ? checkRd: (-1) translate.Rd:37: Lost braces in \itemize; meant \describe ? checkRd: (-1) translate.Rd:38: Lost braces in \itemize; meant \describe ? checkRd: (-1) translate.Rd:39: Lost braces in \itemize; meant \describe ? checkRd: (-1) translate.Rd:41: Lost braces in \itemize; meant \describe ? checkRd: (-1) translate.Rd:42: Lost braces in \itemize; meant \describe ? checkRd: (-1) voiceid.Rd:14: Lost braces in \itemize; meant \describe ? checkRd: (-1) voiceid.Rd:15: Lost braces in \itemize; meant \describe ? checkRd: (-1) voiceid.Rd:16: Lost braces in \itemize; meant \describe ? checkRd: (-1) voiceid.Rd:18: Lost braces in \itemize; meant \describe ? checkRd: (-1) voiceid.Rd:19: Lost braces in \itemize; meant \describe ? checkRd: (-1) voiceid.Rd:20: Lost braces in \itemize; meant \describe ? checkRd: (-1) voiceid.Rd:21: Lost braces in \itemize; meant \describe ? checkRd: (-1) voiceid.Rd:23: Lost braces in \itemize; meant \describe ? checkRd: (-1) voiceid.Rd:24: Lost braces in \itemize; meant \describe ? checkRd: (-1) voiceid.Rd:25: Lost braces in \itemize; meant \describe ? checkRd: (-1) voiceid.Rd:26: Lost braces in \itemize; meant \describe ? checkRd: (-1) voiceid.Rd:32: Lost braces in \itemize; meant \describe ? checkRd: (-1) voiceid.Rd:33: Lost braces in \itemize; meant \describe ? checkRd: (-1) voiceid.Rd:34: Lost braces in \itemize; meant \describe ? checkRd: (-1) voiceid.Rd:36: Lost braces in \itemize; meant \describe ? checkRd: (-1) voiceid.Rd:37: Lost braces in \itemize; meant \describe ? Flavors: r-devel-linux-x86_64-debian-clang, r-devel-linux-x86_64-debian-gcc

Version: 0.4.0
Check: installed package size
Result: NOTE installed size is 6.3Mb sub-directories of 1Mb or more: R 3.1Mb help 3.0Mb Flavors: r-release-macos-arm64, r-release-macos-x86_64, r-oldrel-macos-arm64