CRAN Package Check Results for Package paws.database

Last updated on 2022-12-04 06:49:25 CET.

Flavor Version Tinstall Tcheck Ttotal Status Flags
r-devel-linux-x86_64-debian-clang 0.1.12 56.13 179.91 236.04 NOTE
r-devel-linux-x86_64-debian-gcc 0.1.12 51.65 135.64 187.29 NOTE
r-devel-linux-x86_64-fedora-clang 0.1.12 323.52 NOTE
r-devel-linux-x86_64-fedora-gcc 0.1.12 310.13 NOTE
r-devel-windows-x86_64 0.1.12 472.00 321.00 793.00 NOTE
r-patched-linux-x86_64 0.1.12 65.51 109.16 174.67 OK
r-release-linux-x86_64 0.1.12 55.54 107.93 163.47 OK
r-release-macos-arm64 0.1.12 53.00 OK
r-release-macos-x86_64 0.1.12 108.00 OK
r-release-windows-x86_64 0.1.12 451.00 165.00 616.00 OK
r-oldrel-macos-arm64 0.1.12 77.00 OK
r-oldrel-macos-x86_64 0.1.12 97.00 OK
r-oldrel-windows-ix86+x86_64 0.1.12 96.00 134.00 230.00 OK

Check Details

Version: 0.1.12
Check: Rd files
Result: NOTE
    checkRd: (-1) dynamodb_batch_get_item.Rd:32: Escaped LaTeX specials: \#
    checkRd: (-1) dynamodb_delete_item.Rd:81: Escaped LaTeX specials: \#
    checkRd: (-1) dynamodb_get_item.Rd:55: Escaped LaTeX specials: \#
    checkRd: (-1) dynamodb_put_item.Rd:98: Escaped LaTeX specials: \#
    checkRd: (-1) dynamodb_query.Rd:237: Escaped LaTeX specials: \#
    checkRd: (-1) dynamodb_scan.Rd:174: Escaped LaTeX specials: \#
    checkRd: (-1) dynamodb_update_item.Rd:177: Escaped LaTeX specials: \#
    checkRd: (-1) elasticache_create_cache_cluster.Rd:291: Escaped LaTeX specials: \#
    checkRd: (-1) elasticache_create_replication_group.Rd:329: Escaped LaTeX specials: \#
Flavors: r-devel-linux-x86_64-debian-clang, r-devel-linux-x86_64-debian-gcc, r-devel-linux-x86_64-fedora-clang, r-devel-linux-x86_64-fedora-gcc, r-devel-windows-x86_64