CRAN Package Check Results for Package paws.compute

Last updated on 2022-12-04 12:55:33 CET.

Flavor Version Tinstall Tcheck Ttotal Status Flags
r-devel-linux-x86_64-debian-clang 0.1.13 76.90 269.39 346.29 OK
r-devel-linux-x86_64-debian-gcc 0.1.13 63.05 204.47 267.52 OK
r-devel-linux-x86_64-fedora-clang 0.1.13 477.11 OK
r-devel-linux-x86_64-fedora-gcc 0.1.13 457.76 OK
r-devel-windows-x86_64 0.1.13 662.00 540.00 1202.00 OK
r-patched-linux-x86_64 0.1.13 89.85 151.58 241.43 OK
r-release-linux-x86_64 0.1.13 78.18 151.80 229.98 OK
r-release-macos-arm64 0.1.13 72.00 NOTE
r-release-macos-x86_64 0.1.13 102.00 OK
r-release-windows-x86_64 0.1.13 639.00 240.00 879.00 OK
r-oldrel-macos-arm64 0.1.13 71.00 NOTE
r-oldrel-macos-x86_64 0.1.13 107.00 OK
r-oldrel-windows-ix86+x86_64 0.1.13 133.00 189.00 322.00 OK

Check Details

Version: 0.1.13
Check: installed package size
Result: NOTE
     installed size is 5.5Mb
     sub-directories of 1Mb or more:
     R 2.0Mb
     help 3.4Mb
Flavors: r-release-macos-arm64, r-oldrel-macos-arm64