CRAN Package Check Results for Package pathlit

Last updated on 2022-09-29 06:54:28 CEST.

Flavor Version Tinstall Tcheck Ttotal Status Flags
r-devel-linux-x86_64-debian-clang 0.1.0 5.10 48.53 53.63 OK
r-devel-linux-x86_64-debian-gcc 0.1.0 4.22 38.22 42.44 OK
r-devel-linux-x86_64-fedora-clang 0.1.0 78.42 NOTE
r-devel-linux-x86_64-fedora-gcc 0.1.0 75.84 NOTE
r-devel-windows-x86_64 0.1.0 10.00 72.00 82.00 OK
r-patched-linux-x86_64 0.1.0 4.79 48.41 53.20 OK
r-release-linux-x86_64 0.1.0 5.23 47.50 52.73 OK
r-release-macos-arm64 0.1.0 23.00 NOTE
r-release-macos-x86_64 0.1.0 38.00 NOTE
r-release-windows-x86_64 0.1.0 13.00 73.00 86.00 OK
r-oldrel-macos-arm64 0.1.0 25.00 NOTE
r-oldrel-macos-x86_64 0.1.0 31.00 NOTE
r-oldrel-windows-ix86+x86_64 0.1.0 13.00 70.00 83.00 OK

Check Details

Version: 0.1.0
Check: dependencies in R code
Result: NOTE
    Namespaces in Imports field not imported from:
     ‘testthat’ ‘usethis’ ‘utils’
     All declared Imports should be used.
Flavors: r-devel-linux-x86_64-fedora-clang, r-devel-linux-x86_64-fedora-gcc, r-release-macos-arm64, r-release-macos-x86_64, r-oldrel-macos-arm64, r-oldrel-macos-x86_64