CRAN Package Check Results for Package path.chain

Last updated on 2024-05-18 07:09:47 CEST.

Flavor Version Tinstall Tcheck Ttotal Status Flags
r-devel-linux-x86_64-debian-clang 0.2.0 2.36 39.84 42.20 NOTE
r-devel-linux-x86_64-debian-gcc 0.2.0 2.26 30.72 32.98 NOTE
r-devel-linux-x86_64-fedora-clang 0.2.0 54.04 NOTE
r-devel-linux-x86_64-fedora-gcc 0.2.0 81.85 NOTE
r-devel-windows-x86_64 0.2.0 3.00 56.00 59.00 NOTE
r-patched-linux-x86_64 0.2.0 3.42 38.55 41.97 NOTE
r-release-linux-x86_64 0.2.0 2.99 37.82 40.81 NOTE
r-release-macos-arm64 0.2.0 28.00 NOTE
r-release-windows-x86_64 0.2.0 5.00 55.00 60.00 NOTE
r-oldrel-macos-arm64 0.2.0 28.00 NOTE
r-oldrel-macos-x86_64 0.2.0 40.00 NOTE
r-oldrel-windows-x86_64 0.2.0 5.00 59.00 64.00 NOTE

Check Details

Version: 0.2.0
Check: Rd files
Result: NOTE checkRd: (-1) as_config.Rd:32: Lost braces; missing escapes or markup? 32 | with `{config}` package, which requires existence of default key. | ^ checkRd: (-1) as_config.Rd:28: Lost braces; missing escapes or markup? 28 | list compatible with `{config}` package | ^ Flavors: r-devel-linux-x86_64-debian-clang, r-devel-linux-x86_64-debian-gcc, r-devel-linux-x86_64-fedora-clang, r-devel-linux-x86_64-fedora-gcc, r-devel-windows-x86_64, r-patched-linux-x86_64, r-release-linux-x86_64, r-release-macos-arm64, r-release-windows-x86_64

Version: 0.2.0
Check: LazyData
Result: NOTE 'LazyData' is specified without a 'data' directory Flavors: r-devel-linux-x86_64-debian-clang, r-devel-linux-x86_64-debian-gcc, r-devel-linux-x86_64-fedora-clang, r-devel-linux-x86_64-fedora-gcc, r-devel-windows-x86_64, r-patched-linux-x86_64, r-release-linux-x86_64, r-release-macos-arm64, r-release-windows-x86_64, r-oldrel-macos-arm64, r-oldrel-macos-x86_64, r-oldrel-windows-x86_64

Version: 0.2.0
Check: dependencies in R code
Result: NOTE Namespace in Imports field not imported from: ‘logger’ All declared Imports should be used. Flavors: r-devel-linux-x86_64-fedora-clang, r-devel-linux-x86_64-fedora-gcc