CRAN Package Check Results for Package pastecs

Last updated on 2022-12-10 00:50:00 CET.

Flavor Version Tinstall Tcheck Ttotal Status Flags
r-devel-linux-x86_64-debian-clang 1.3.21 10.67 71.47 82.14 NOTE
r-devel-linux-x86_64-debian-gcc 1.3.21 7.48 61.79 69.27 NOTE
r-devel-linux-x86_64-fedora-clang 1.3.21 95.35 NOTE
r-devel-linux-x86_64-fedora-gcc 1.3.21 91.97 NOTE
r-devel-windows-x86_64 1.3.21 44.00 139.00 183.00 NOTE
r-patched-linux-x86_64 1.3.21 12.01 55.44 67.45 OK
r-release-linux-x86_64 1.3.21 10.19 55.66 65.85 OK
r-release-macos-arm64 1.3.21 24.00 OK
r-release-macos-x86_64 1.3.21 36.00 OK
r-release-windows-x86_64 1.3.21 35.00 90.00 125.00 OK
r-oldrel-macos-arm64 1.3.21 29.00 OK
r-oldrel-macos-x86_64 1.3.21 52.00 OK
r-oldrel-windows-ix86+x86_64 1.3.21 15.00 77.00 92.00 OK

Check Details

Version: 1.3.21
Check: Rd files
Result: NOTE
    checkRd: (-1) regul.Rd:52: Escaped LaTeX specials: \# \# \#
    checkRd: (-1) regul.Rd:52: Escaped LaTeX specials: \#
Flavors: r-devel-linux-x86_64-debian-clang, r-devel-linux-x86_64-debian-gcc, r-devel-linux-x86_64-fedora-clang, r-devel-linux-x86_64-fedora-gcc, r-devel-windows-x86_64