CRAN Package Check Results for Package particles

Last updated on 2020-09-22 14:05:05 CEST.

Flavor Version Tinstall Tcheck Ttotal Status Flags
r-devel-linux-x86_64-debian-clang 0.2.2 54.15 102.95 157.10 OK
r-devel-linux-x86_64-debian-gcc 0.2.2 39.89 80.45 120.34 OK
r-devel-linux-x86_64-fedora-clang 0.2.2 211.07 NOTE
r-devel-linux-x86_64-fedora-gcc 0.2.2 192.63 NOTE
r-devel-windows-ix86+x86_64 0.2.2 125.00 147.00 272.00 OK
r-patched-linux-x86_64 0.2.2 40.09 98.87 138.96 OK
r-patched-solaris-x86 0.2.2 228.10 NOTE
r-release-linux-x86_64 0.2.2 42.91 101.06 143.97 OK
r-release-macos-x86_64 0.2.2 NOTE
r-release-windows-ix86+x86_64 0.2.2 119.00 184.00 303.00 OK
r-oldrel-macos-x86_64 0.2.2 NOTE
r-oldrel-windows-ix86+x86_64 0.2.2 79.00 171.00 250.00 OK

Check Details

Version: 0.2.2
Check: dependencies in R code
Result: NOTE
    Namespace in Imports field not imported from: ‘dplyr’
     All declared Imports should be used.
Flavors: r-devel-linux-x86_64-fedora-clang, r-devel-linux-x86_64-fedora-gcc, r-patched-solaris-x86, r-release-macos-x86_64, r-oldrel-macos-x86_64