Last updated on 2023-02-03 18:51:32 CET.
Flavor | Version | Tinstall | Tcheck | Ttotal | Status | Flags |
---|---|---|---|---|---|---|
r-devel-linux-x86_64-debian-clang | 0.2.3 | 25.48 | 133.15 | 158.63 | NOTE | |
r-devel-linux-x86_64-debian-gcc | 0.2.3 | 22.43 | 97.62 | 120.05 | NOTE | |
r-devel-linux-x86_64-fedora-clang | 0.2.3 | 198.83 | NOTE | |||
r-devel-linux-x86_64-fedora-gcc | 0.2.3 | 200.27 | NOTE | |||
r-devel-windows-x86_64 | 0.2.3 | 69.00 | 160.00 | 229.00 | NOTE | |
r-patched-linux-x86_64 | 0.2.3 | 22.67 | 122.09 | 144.76 | OK | |
r-release-linux-x86_64 | 0.2.3 | 22.47 | 122.59 | 145.06 | OK | |
r-release-macos-arm64 | 0.2.3 | 53.00 | OK | |||
r-release-macos-x86_64 | 0.2.3 | 74.00 | OK | |||
r-release-windows-x86_64 | 0.2.3 | 77.00 | 171.00 | 248.00 | OK | |
r-oldrel-macos-arm64 | 0.2.3 | 48.00 | OK | |||
r-oldrel-macos-x86_64 | 0.2.3 | 76.00 | OK | |||
r-oldrel-windows-ix86+x86_64 | 0.2.3 | 70.00 | 191.00 | 261.00 | OK |
Version: 0.2.3
Check: C++ specification
Result: NOTE
Specified C++11: please update to current default of C++17
Flavors: r-devel-linux-x86_64-debian-clang, r-devel-linux-x86_64-debian-gcc, r-devel-linux-x86_64-fedora-clang, r-devel-linux-x86_64-fedora-gcc, r-devel-windows-x86_64