Last updated on 2023-12-11 00:49:14 CET.
Flavor | Version | Tinstall | Tcheck | Ttotal | Status | Flags |
---|---|---|---|---|---|---|
r-devel-linux-x86_64-debian-clang | 0.1.0 | 9.49 | 110.23 | 119.72 | OK | |
r-devel-linux-x86_64-debian-gcc | 0.1.0 | 9.00 | 81.72 | 90.72 | OK | |
r-devel-linux-x86_64-fedora-clang | 0.1.0 | 150.48 | NOTE | |||
r-devel-linux-x86_64-fedora-gcc | 0.1.0 | 166.90 | NOTE | |||
r-devel-windows-x86_64 | 0.1.0 | 10.00 | 96.00 | 106.00 | OK | |
r-patched-linux-x86_64 | 0.1.0 | 8.47 | 106.48 | 114.95 | OK | |
r-release-linux-x86_64 | 0.1.0 | 6.97 | 105.49 | 112.46 | OK | |
r-release-macos-arm64 | 0.1.0 | 43.00 | OK | |||
r-release-macos-x86_64 | 0.1.0 | 84.00 | OK | |||
r-release-windows-x86_64 | 0.1.0 | 14.00 | 117.00 | 131.00 | OK | |
r-oldrel-macos-arm64 | 0.1.0 | 34.00 | NOTE | |||
r-oldrel-macos-x86_64 | 0.1.0 | 86.00 | NOTE | |||
r-oldrel-windows-x86_64 | 0.1.0 | 14.00 | 115.00 | 129.00 | OK |
Version: 0.1.0
Check: dependencies in R code
Result: NOTE
Namespace in Imports field not imported from: ‘flexsurv’
All declared Imports should be used.
Flavors: r-devel-linux-x86_64-fedora-clang, r-devel-linux-x86_64-fedora-gcc, r-oldrel-macos-arm64, r-oldrel-macos-x86_64