CRAN Package Check Results for Package parlitools

Last updated on 2022-10-05 06:51:28 CEST.

Flavor Version Tinstall Tcheck Ttotal Status Flags
r-devel-linux-x86_64-debian-clang 0.4.1 10.03 92.52 102.55 OK
r-devel-linux-x86_64-debian-gcc 0.4.1 7.36 70.33 77.69 OK
r-devel-linux-x86_64-fedora-clang 0.4.1 136.74 NOTE
r-devel-linux-x86_64-fedora-gcc 0.4.1 128.06 NOTE
r-devel-windows-x86_64 0.4.1 29.00 135.00 164.00 OK
r-patched-linux-x86_64 0.4.1 9.42 86.15 95.57 OK
r-release-linux-x86_64 0.4.1 9.18 87.76 96.94 OK
r-release-macos-arm64 0.4.1 28.00 NOTE
r-release-macos-x86_64 0.4.1 71.00 NOTE
r-release-windows-x86_64 0.4.1 24.00 121.00 145.00 OK
r-oldrel-macos-arm64 0.4.1 55.00 NOTE
r-oldrel-macos-x86_64 0.4.1 61.00 NOTE
r-oldrel-windows-ix86+x86_64 0.4.1 23.00 120.00 143.00 OK

Check Details

Version: 0.4.1
Check: data for non-ASCII characters
Result: NOTE
     Note: found 16 marked UTF-8 strings
Flavors: r-devel-linux-x86_64-fedora-clang, r-devel-linux-x86_64-fedora-gcc, r-release-macos-arm64, r-release-macos-x86_64, r-oldrel-macos-arm64, r-oldrel-macos-x86_64