CRAN Package Check Results for Package parlitools

Last updated on 2021-04-14 13:53:45 CEST.

Flavor Version Tinstall Tcheck Ttotal Status Flags
r-devel-linux-x86_64-debian-clang 0.4.1 10.16 81.56 91.72 OK
r-devel-linux-x86_64-debian-gcc 0.4.1 7.07 61.87 68.94 OK
r-devel-linux-x86_64-fedora-clang 0.4.1 119.37 NOTE
r-devel-linux-x86_64-fedora-gcc 0.4.1 111.61 NOTE
r-devel-windows-ix86+x86_64 0.4.1 20.00 82.00 102.00 OK
r-devel-windows-x86_64-gcc10-UCRT 0.4.1 NOTE
r-patched-linux-x86_64 0.4.1 9.90 77.46 87.36 OK
r-patched-solaris-x86 0.4.1 152.60 NOTE --no-vignettes
r-release-linux-x86_64 0.4.1 8.61 77.12 85.73 OK
r-release-macos-x86_64 0.4.1 NOTE
r-release-windows-ix86+x86_64 0.4.1 21.00 104.00 125.00 OK
r-oldrel-macos-x86_64 0.4.1 NOTE
r-oldrel-windows-ix86+x86_64 0.4.1 13.00 68.00 81.00 OK

Check Details

Version: 0.4.1
Check: data for non-ASCII characters
Result: NOTE
     Note: found 16 marked UTF-8 strings
Flavors: r-devel-linux-x86_64-fedora-clang, r-devel-linux-x86_64-fedora-gcc, r-devel-windows-x86_64-gcc10-UCRT, r-release-macos-x86_64, r-oldrel-macos-x86_64

Version: 0.4.1
Flags: --no-vignettes
Check: data for non-ASCII characters
Result: NOTE
     Note: found 16 marked UTF-8 strings
Flavor: r-patched-solaris-x86