CRAN Package Check Results for Package paramtest

Last updated on 2024-06-20 18:48:17 CEST.

Flavor Version Tinstall Tcheck Ttotal Status Flags
r-devel-linux-x86_64-debian-clang 0.1.0 2.70 49.75 52.45 NOTE
r-devel-linux-x86_64-debian-gcc 0.1.0 2.16 37.48 39.64 NOTE
r-devel-linux-x86_64-fedora-clang 0.1.0 65.43 NOTE
r-devel-linux-x86_64-fedora-gcc 0.1.0 74.51 NOTE
r-devel-windows-x86_64 0.1.0 3.00 62.00 65.00 NOTE
r-patched-linux-x86_64 0.1.0 2.94 47.65 50.59 NOTE
r-release-linux-x86_64 0.1.0 2.14 48.10 50.24 NOTE
r-release-macos-arm64 0.1.0 27.00 NOTE
r-release-macos-x86_64 0.1.0 46.00 NOTE
r-release-windows-x86_64 0.1.0 5.00 64.00 69.00 NOTE
r-oldrel-macos-arm64 0.1.0 28.00 NOTE
r-oldrel-macos-x86_64 0.1.0 44.00 NOTE
r-oldrel-windows-x86_64 0.1.0 3.00 66.00 69.00 NOTE

Check Details

Version: 0.1.0
Check: LazyData
Result: NOTE 'LazyData' is specified without a 'data' directory Flavors: r-devel-linux-x86_64-debian-clang, r-devel-linux-x86_64-debian-gcc, r-devel-linux-x86_64-fedora-clang, r-devel-linux-x86_64-fedora-gcc, r-devel-windows-x86_64, r-patched-linux-x86_64, r-release-linux-x86_64, r-release-macos-arm64, r-release-macos-x86_64, r-release-windows-x86_64, r-oldrel-macos-arm64, r-oldrel-macos-x86_64, r-oldrel-windows-x86_64