CRAN Package Check Results for Package parallelMap

Last updated on 2024-06-13 00:55:25 CEST.

Flavor Version Tinstall Tcheck Ttotal Status Flags
r-devel-linux-x86_64-debian-clang 1.5.1 2.37 64.01 66.38 OK
r-devel-linux-x86_64-debian-gcc 1.5.1 3.00 28.79 31.79 ERROR
r-devel-linux-x86_64-fedora-clang 1.5.1 81.79 OK
r-devel-linux-x86_64-fedora-gcc 1.5.1 77.14 OK
r-devel-windows-x86_64 1.5.1 4.00 74.00 78.00 OK
r-patched-linux-x86_64 1.5.1 3.79 61.50 65.29 OK
r-release-linux-x86_64 1.5.1 3.68 61.14 64.82 OK
r-release-macos-arm64 1.5.1 32.00 NOTE
r-release-macos-x86_64 1.5.1 47.00 NOTE
r-release-windows-x86_64 1.5.1 4.00 77.00 81.00 OK
r-oldrel-macos-arm64 1.5.1 33.00 NOTE
r-oldrel-macos-x86_64 1.5.1 49.00 NOTE
r-oldrel-windows-x86_64 1.5.1 5.00 85.00 90.00 OK

Check Details

Version: 1.5.1
Check: package dependencies
Result: NOTE Packages suggested but not available for checking: 'BatchJobs', 'batchtools', 'testthat' Flavor: r-devel-linux-x86_64-debian-gcc

Version: 1.5.1
Check: tests
Result: ERROR Running ‘run-all.R’ [0s/0s] Running the tests in ‘tests/run-all.R’ failed. Complete output: > # FIXME: R CMD check does not run on true batch systems, but maybe it does not have to > # we can check there with 'make test' and run 'make check' locally > > library(testthat) Error in library(testthat) : there is no package called 'testthat' Execution halted Flavor: r-devel-linux-x86_64-debian-gcc

Version: 1.5.1
Check: package dependencies
Result: NOTE Package suggested but not available for checking: ‘Rmpi’ Flavors: r-release-macos-arm64, r-release-macos-x86_64, r-oldrel-macos-arm64, r-oldrel-macos-x86_64